{"id":8190,"date":"2023-09-13T11:49:34","date_gmt":"2023-09-13T09:49:34","guid":{"rendered":"https:\/\/baumkletterschule.de\/cms\/?page_id=8190"},"modified":"2026-01-26T09:41:28","modified_gmt":"2026-01-26T08:41:28","slug":"mietausruestung","status":"publish","type":"page","link":"https:\/\/baumkletterschule.de\/cms\/mietausruestung\/","title":{"rendered":"Mietausr\u00fcstung f\u00fcr SKT A"},"content":{"rendered":"<p>Ist noch keine Ausr\u00fcstung f\u00fcr den SKT A-Kurs vorhanden, empfehlen wir zun\u00e4chst eine Ausr\u00fcstung zu mieten und mit dem Kauf bis nach dem Kurs zu warten. Denn bei unseren Kursen hast du die M\u00f6glichkeit, Material und vor alledem verschiedene Klettergurte f\u00fcnf Tage lang im realen Einsatz zu testen. So vermeidest Du teure Fehlinvestitionen.<br \/>\nDie Leihausr\u00fcstung wurde von unseren qualifizierten Ausbilder*innen sorgf\u00e4ltig zusammengestellt und auf die Kursinhalte optimal abgestimmt. Hat Dir der Kurs gefallen und Du bist jetzt hei\u00df aufs klettern, kannst Du direkt nach dem Kurs deine Kiste mit nach Hause nehmen. die Kletterausr\u00fcstung beinhaltet das optimale Minimu, um nach dem Kurs sofort mit dem Klettern und der Praxis loslegen zu k\u00f6nnen.<br \/>\nDabei sparst Du auch Geld. Wenn Du bei uns einen SKT A-Kurs absolvierst, kannst Du die Mietausr\u00fcstung f\u00fcr 125 Euro dazubuchen. \u00dcbernimmst Du Deine Leihausr\u00fcstung nach dem Kurs, gibt&#8217;s die Miete zur\u00fcck und wir haben mit unserem Ausr\u00fcster zus\u00e4tzliche Rabatte ausgehandelt. G\u00fcnstiger geht&#8217;s nimmer f\u00fcr ein ideales starter-Set!<\/p>\n<p><strong>und so gehts: <\/strong>Suche Dir einen f\u00fcr Dich terminlich passenden SKT A Kurs an unseren 46 Standorten aus und buche die Mietausr\u00fcstung dazu.<\/p>\n<h5><strong>Inhalt Kurskiste Mietausr\u00fcstung SKT A:<\/strong><\/h5>\n<p><strong>Rettungs Set:<\/strong><\/p>\n<p>&#8211; Brustgurt mit Schraubkarabiner<br \/>\n&#8211; Erste Hilfe Pack<br \/>\n&#8211; Signalpfeife<br \/>\n&#8211; Petzl Ring (L) mit PSA-Karabiner (3-Wege-Automatik)<br \/>\n&#8211; Expressschlinge mit zwei Automatik Karabiner<\/p>\n<p><strong>Kurzsicherung:<\/strong><\/p>\n<p>&#8211; Kurzsicherung 3 Meter<br \/>\n&#8211; Positioner<br \/>\n&#8211; 2 PSA-Karabiner (3-Wege-Automatik)<\/p>\n<p><strong>Restliche Ausr\u00fcstung:<\/strong><\/p>\n<p>&#8211; Baumklettergurt<br \/>\n&#8211; Kletterhelm EN397 oder EN12492<br \/>\n&#8211; Baumkletterseil 45 Meter mit Seilauge<br \/>\n&#8211; Seiltasche<br \/>\n&#8211; Klemmknotenschlinge 120 cm mit PSA-Karabiner (3-Wege-Automatik)<br \/>\n&#8211; ZigZag (Klemmger\u00e4t) mit zwei PSA-Karabiner (3-Wege-Automatik)<br \/>\n&#8211; Kambiumschoner 90 cm mit Abziehkirsche<br \/>\n&#8211; Wurfleine 50 Meter mit Wurfbeutel<br \/>\n&#8211; Schnappkarabiner<br \/>\n&#8211; Hands\u00e4ge mit Holster und Hilfskarabiner<br \/>\n&#8211; Bandschlinge 120 cm mit PSA-Karabiner (3-Wege-Automatik)<br \/>\n&#8211; Seilst\u00fcck (ca. 2 m) f\u00fcr Knoten\u00fcbungen<br \/>\n&#8211; 48 Liter Aluminium Kiste<\/p>\n<h6>Oder direkt bei unserem Ausr\u00fcstungspartner <a href=\"https:\/\/shop.freeworker.de\/kletterausrustung\/sets\/klettersets.html\"><img loading=\"lazy\" decoding=\"async\" class=\"alignnone wp-image-8085\" src=\"https:\/\/baumkletterschule.de\/cms\/wp-content\/uploads\/2023\/08\/230823-Logo-Freeworker_224x224px-002.jpg\" alt=\"\" width=\"119\" height=\"69\" \/><\/a> kaufen!<\/h6>\n<p>&nbsp;<\/p>\n<p>&nbsp;<\/p>\n","protected":false},"excerpt":{"rendered":"<p>Ist noch keine Ausr\u00fcstung f\u00fcr den SKT A-Kurs vorhanden, empfehlen wir zun\u00e4chst eine Ausr\u00fcstung zu mieten und mit dem Kauf bis nach dem Kurs zu warten. Denn bei unseren Kursen &#8230;<\/p>\n","protected":false},"author":10,"featured_media":0,"parent":0,"menu_order":0,"comment_status":"closed","ping_status":"closed","template":"","meta":{"footnotes":""},"categories":[93],"tags":[],"class_list":["post-8190","page","type-page","status-publish","hentry","category-ausruestung"],"aioseo_notices":[],"_links":{"self":[{"href":"https:\/\/baumkletterschule.de\/cms\/wp-json\/wp\/v2\/pages\/8190","targetHints":{"allow":["GET"]}}],"collection":[{"href":"https:\/\/baumkletterschule.de\/cms\/wp-json\/wp\/v2\/pages"}],"about":[{"href":"https:\/\/baumkletterschule.de\/cms\/wp-json\/wp\/v2\/types\/page"}],"author":[{"embeddable":true,"href":"https:\/\/baumkletterschule.de\/cms\/wp-json\/wp\/v2\/users\/10"}],"replies":[{"embeddable":true,"href":"https:\/\/baumkletterschule.de\/cms\/wp-json\/wp\/v2\/comments?post=8190"}],"version-history":[{"count":14,"href":"https:\/\/baumkletterschule.de\/cms\/wp-json\/wp\/v2\/pages\/8190\/revisions"}],"predecessor-version":[{"id":10354,"href":"https:\/\/baumkletterschule.de\/cms\/wp-json\/wp\/v2\/pages\/8190\/revisions\/10354"}],"wp:attachment":[{"href":"https:\/\/baumkletterschule.de\/cms\/wp-json\/wp\/v2\/media?parent=8190"}],"wp:term":[{"taxonomy":"category","embeddable":true,"href":"https:\/\/baumkletterschule.de\/cms\/wp-json\/wp\/v2\/categories?post=8190"},{"taxonomy":"post_tag","embeddable":true,"href":"https:\/\/baumkletterschule.de\/cms\/wp-json\/wp\/v2\/tags?post=8190"}],"curies":[{"name":"wp","href":"https:\/\/api.w.org\/{rel}","templated":true}]}}