{"id":636,"date":"2016-11-30T13:23:10","date_gmt":"2016-11-30T11:23:10","guid":{"rendered":"https:\/\/baumkletterschule.de\/cms\/?page_id=636"},"modified":"2026-02-20T17:19:42","modified_gmt":"2026-02-20T16:19:42","slug":"european-treeworker","status":"publish","type":"page","link":"https:\/\/baumkletterschule.de\/cms\/kursinfo\/baumpflege\/european-treeworker\/","title":{"rendered":"European Tree Worker"},"content":{"rendered":"<p>Der <strong>E<\/strong>uropean <strong>T<\/strong>ree <strong>W<\/strong>orker (<strong>ETW<\/strong>) soll europaweit einheitlich die wesentlichen Arbeiten am und im Baum auf der Grundlage des aktuellen Wissensstandes unter Ber\u00fccksichtigung der Belange des Natur-, Umwelt- und Unfallschutzes ausf\u00fchren k\u00f6nnen. Viele \u00f6ffentliche Auftraggeber verlangen als Fachkundenachweis f\u00fcr Baumpflegearbeiten die Qualifikation des European Tree Workers. Der Powerkurs ist konzipiert f\u00fcr erfahrene Baumpfleger mit Vorkenntnissen. Hier wird in vier Modulen \u00e0 drei Tagen pr\u00e4gnant und konzentriert umfangreiches Wissen \u00fcber qualifizierte Baumpflege vermittelt und macht Sie fit f\u00fcr die Pr\u00fcfung zum European Tree Worker. Die Vor-Ort-Pr\u00e4senz ist in diesem Kurs stark reduziert, weshalb zwischen den Modulen das Selbststudium unabl\u00e4sslich ist.<br \/>\nDieser Hybrid-Kurs erlaubt es, Beruf und Qualifizierung zu verbinden. Ideal f\u00fcr alle, die nicht l\u00e4ngere Zeit von zu Hause wegbleiben k\u00f6nnen und schon baumpflegerische Vorkenntnisse besitzen.<\/p>\n<p>Der Kurs wird in vier Modulen \u00e0 drei Tage (Donnerstag &#8211; Samstag) abgehalten, wobei zwei Tage Theorie und ein Tag Praxis sind.<\/p>\n<p>&nbsp;<\/p>\n<h4 style=\"text-align: center;\"><a href=\"https:\/\/buchung.baumkletterschule.de\/path\/app\/?rq_AppGuid=5E5C0C601B319D20997007E3327904420CC3B98C&amp;rq_TargetPageGuid=571D5772177FC7D5D3DE78309A57E877C24AE10C&amp;rq_Layout=MBKS_Website%2520target%3D_blank#{1}\"><span style=\"color: #333399;\"><strong><span style=\"color: #00ccff;\"><span style=\"color: #808080;\"><span style=\"color: #333333;\">Termine &amp; Buchung<\/span><\/span><\/span><\/strong><\/span><\/a><\/h4>\n<p style=\"text-align: center;\"><em>(bitte w\u00e4hle im dropdown-Fenster den Kurs ETW aus)<\/em><\/p>\n<h5>Voraussetzungen<\/h5>\n<div class=\"links\">\n<ul>\n<li style=\"list-style-type: none;\">\n<ul>\n<li>Ersthelferkurs mit 9 Unterrichtseinheiten (nicht \u00e4lter als zwei Jahre)<\/li>\n<li>Nachweis der k\u00f6rperlichen und geistigen Eignung bzw. Tauglichkeit f\u00fcr gef\u00e4hrliche Baumarbeiten durch einen Arbeits- oder Betriebsmediziner (\u00a7 2 der VSG 4.2 \u201eGartenbau, Obstbau und Parkanlagen\u201c bzw. \u00a7 1 der VSG 4.3 \u201eForsten\u201c). Die Untersuchungen k\u00f6nnen in Anlehnung an die DGUV Empfehlungen \u201eArbeiten mit Absturzgefahr\u201c, <strong>E ABS Eignung<\/strong>\u00a0und \u201eFahr-, Steuer-, und \u00dcberwachungst\u00e4tigkeiten\u201c,\u00a0<strong>E FS\u00dc Eignung<\/strong>\u00a0erfolgen.<\/li>\n<li>1 Jahr Berufspraxis in der Baumpflege<\/li>\n<li>Motors\u00e4genfachkunde z.B. Forstwirt oder AS-Baum I<\/li>\n<li>f\u00fcr ETW Climbing: SKT-B Schein<\/li>\n<li>f\u00fcr ETW Plattform: AS Baum ll<\/li>\n<\/ul>\n<\/li>\n<\/ul>\n<\/div>\n<div class=\"links\">\n<h5><\/h5>\n<ul style=\"list-style: none;\">\n<li><strong>Dauer:<\/strong> \u00a0 \u00a0\u00a0\u00a0\u00a0\u00a0 12 Tage (4 Module \u00e1 3 Tage und 2 Tage Pr\u00fcfung<\/li>\n<li><\/li>\n<\/ul>\n<p><strong>TIPP: <\/strong>Mit dem ETW-Zertifikat k\u00f6nnen Sie durch die Pr\u00fcfungsstelle den <strong><a title=\"Kursinfo: FLL-zertifizierter Baumkontrolleur\" href=\"..\/..\/baumkontrolleur\/\" target=\"_blank\" rel=\"noopener\">zertifizierten Baumkontrolleur bei der FLL<\/a><\/strong> beantragen.<\/p>\n<h6><strong>\u00a0<\/strong><\/h6>\n<\/div>\n<h6><strong>ACHTUNG<\/strong>:<\/h6>\n<p>Bei bestandener Pr\u00fcfung wird ein <strong>Eurozertifikat<\/strong> ausgestellt. Das Zertifikat hat eine G\u00fcltigkeit von 3 Jahren. Erfolgt der Nachweis, dass der European Tree Worker in den vergangenen 36 Monaten mindestens 24 Monate in der Baumpflege gearbeitet hat, erfolgt eine Verl\u00e4ngerung f\u00fcr weitere drei Jahre. Wird die Rezerfizierung nicht beantragt, verf\u00e4llt das Zertifikat.<\/p>\n<p>Antrag auf Rezertifizierung: <a href=\"https:\/\/lvg.landwirtschaft-bw.de\/pb\/site\/pbs-bw-mlr\/get\/documents_E723850768\/MLR.LEL\/PB5Documents\/lvg\/Schule\/Aktuelles%20Baumpflege\/Rezertifizierung%20ETW.pdf\">LVG Heidelberg\\Rezertifizierung<\/a><\/p>\n<h5>Weitere Informationen<\/h5>\n<ul class=\"zweispaltig\">\n<li>Allgemeine Kursinformationen<\/li>\n<li><a href=\"https:\/\/baumkletterschule.de\/cms\/wp-content\/uploads\/2019\/11\/Dokument-B-Kursprogramm_ETW.pdf\">Kursprogramm<\/a><\/li>\n<li><a href=\"https:\/\/baumkletterschule.de\/cms\/wp-content\/uploads\/2019\/11\/Dokument-C_5Kursr\u00fccktrittsversicherung.pdf\">Kursr\u00fccktrittsversicherung<\/a><\/li>\n<li style=\"display: none;\"><a href=\"https:\/\/baumkletterschule.de\/cms\/wp-content\/uploads\/2019\/11\/ETW.pdf\">Fax-Buchungsformular<\/a><\/li>\n<li><a href=\"https:\/\/baumkletterschule.de\/cms\/wp-content\/uploads\/2025\/11\/251125-b45-broschuere-arbeitsmedizinische-vorsorge.pdf\">B45-broschuere-arbeitsmedizinische-vorsorge<\/a><\/li>\n<\/ul>\n<div id=\"envira-gallery-wrap-639\" class=\"envira-gallery-wrap envira-gallery-theme-base envira-lightbox-theme-base\" itemscope itemtype=\"https:\/\/schema.org\/ImageGallery\"><div data-row-height=\"150\" data-gallery-theme=\"normal\" id=\"envira-gallery-639\" class=\"envira-gallery-public envira-gallery-justified-public envira-gallery-0-columns envira-clear enviratope envira-gallery-css-animations\" data-envira-columns=\"0\"><div id=\"envira-gallery-item-317\" class=\"envira-gallery-item enviratope-item envira-gallery-item-1\" style=\"padding-left: 5px; padding-bottom: 10px; padding-right: 5px;\"  itemscope itemtype=\"https:\/\/schema.org\/ImageObject\"><div class=\"envira-gallery-item-inner\"><div class=\"envira-gallery-position-overlay  envira-gallery-top-left\"><\/div><div class=\"envira-gallery-position-overlay  envira-gallery-top-right\"><\/div><div class=\"envira-gallery-position-overlay  envira-gallery-bottom-left\"><\/div><div class=\"envira-gallery-position-overlay  envira-gallery-bottom-right\"><\/div><a href=\"https:\/\/baumkletterschule.de\/cms\/wp-content\/uploads\/2016\/11\/Kronensicherung_1_web.jpg\" class=\"envira-gallery-639 envira-gallery-link\" rel=\"enviragallery639\" title=\"European Tree Worker \/ European Tree Technician\" data-envira-caption=\"European Tree Worker \/ European Tree Technician\" data-envira-retina=\"\" data-thumbnail=\"\"  itemprop=\"contentUrl\"><img decoding=\"async\" id=\"envira-gallery-image-317\" class=\"envira-gallery-image envira-gallery-image-1 envira-normal \" data-envira-index=\"1\" src=\"https:\/\/baumkletterschule.de\/cms\/wp-content\/uploads\/2016\/11\/Kronensicherung_1_web-724x1024-640x480.jpg\" data-envira-src=\"https:\/\/baumkletterschule.de\/cms\/wp-content\/uploads\/2016\/11\/Kronensicherung_1_web-724x1024-640x480.jpg\" data-envira-gallery-id=\"639\" data-envira-item-id=\"317\" data-envira-caption=\"European Tree Worker \/ European Tree Technician\" alt=\"European Tree Worker \/ European Tree Technician\" title=\"European Tree Worker \/ European Tree Technician\"  itemprop=\"thumbnailUrl\" data-envira-srcset=\"https:\/\/baumkletterschule.de\/cms\/wp-content\/uploads\/2016\/11\/Kronensicherung_1_web-724x1024-640x480.jpg 400w,https:\/\/baumkletterschule.de\/cms\/wp-content\/uploads\/2016\/11\/Kronensicherung_1_web-724x1024-640x480.jpg 2x\" data-envira-width=\"212\" data-envira-height=\"300\" srcset=\"https:\/\/baumkletterschule.de\/cms\/wp-content\/uploads\/2016\/11\/Kronensicherung_1_web-1280x960.jpg 2x\" data-safe-src=\"https:\/\/baumkletterschule.de\/cms\/wp-content\/uploads\/2016\/11\/Kronensicherung_1_web-724x1024-640x480.jpg\" \/><\/a><\/div><\/div><div id=\"envira-gallery-item-302\" class=\"envira-gallery-item enviratope-item envira-gallery-item-2\" style=\"padding-left: 5px; padding-bottom: 10px; padding-right: 5px;\"  itemscope itemtype=\"https:\/\/schema.org\/ImageObject\"><div class=\"envira-gallery-item-inner\"><div class=\"envira-gallery-position-overlay  envira-gallery-top-left\"><\/div><div class=\"envira-gallery-position-overlay  envira-gallery-top-right\"><\/div><div class=\"envira-gallery-position-overlay  envira-gallery-bottom-left\"><\/div><div class=\"envira-gallery-position-overlay  envira-gallery-bottom-right\"><\/div><a href=\"https:\/\/baumkletterschule.de\/cms\/wp-content\/uploads\/2016\/11\/P1040383.jpg\" class=\"envira-gallery-639 envira-gallery-link\" rel=\"enviragallery639\" title=\"European Tree Worker \/ European Tree Technician\" data-envira-caption=\"European Tree Worker \/ European Tree Technician\" data-envira-retina=\"\" data-thumbnail=\"\"  itemprop=\"contentUrl\"><img decoding=\"async\" id=\"envira-gallery-image-302\" class=\"envira-gallery-image envira-gallery-image-2 envira-normal \" data-envira-index=\"2\" src=\"https:\/\/baumkletterschule.de\/cms\/wp-content\/uploads\/2016\/11\/P1040383-1024x768-640x480.jpg\" data-envira-src=\"https:\/\/baumkletterschule.de\/cms\/wp-content\/uploads\/2016\/11\/P1040383-1024x768-640x480.jpg\" data-envira-gallery-id=\"639\" data-envira-item-id=\"302\" data-envira-caption=\"European Tree Worker \/ European Tree Technician\" alt=\"European Tree Worker \/ European Tree Technician\" title=\"European Tree Worker \/ European Tree Technician\"  itemprop=\"thumbnailUrl\" data-envira-srcset=\"https:\/\/baumkletterschule.de\/cms\/wp-content\/uploads\/2016\/11\/P1040383-1024x768-640x480.jpg 400w,https:\/\/baumkletterschule.de\/cms\/wp-content\/uploads\/2016\/11\/P1040383-1024x768-640x480.jpg 2x\" data-envira-width=\"300\" data-envira-height=\"225\" srcset=\"https:\/\/baumkletterschule.de\/cms\/wp-content\/uploads\/2016\/11\/P1040383-1280x960.jpg 2x\" data-safe-src=\"https:\/\/baumkletterschule.de\/cms\/wp-content\/uploads\/2016\/11\/P1040383-1024x768-640x480.jpg\" \/><\/a><\/div><\/div><div id=\"envira-gallery-item-105\" class=\"envira-gallery-item enviratope-item envira-gallery-item-3\" style=\"padding-left: 5px; padding-bottom: 10px; padding-right: 5px;\"  itemscope itemtype=\"https:\/\/schema.org\/ImageObject\"><div class=\"envira-gallery-item-inner\"><div class=\"envira-gallery-position-overlay  envira-gallery-top-left\"><\/div><div class=\"envira-gallery-position-overlay  envira-gallery-top-right\"><\/div><div class=\"envira-gallery-position-overlay  envira-gallery-bottom-left\"><\/div><div class=\"envira-gallery-position-overlay  envira-gallery-bottom-right\"><\/div><a href=\"https:\/\/baumkletterschule.de\/cms\/wp-content\/uploads\/2016\/11\/2011_03_29_heubach-skt-a_21.jpg\" class=\"envira-gallery-639 envira-gallery-link\" rel=\"enviragallery639\" title=\"European Tree Worker \/ European Tree Technician\" data-envira-caption=\"European Tree Worker \/ European Tree Technician\" data-envira-retina=\"\" data-thumbnail=\"\"  itemprop=\"contentUrl\"><img decoding=\"async\" id=\"envira-gallery-image-105\" class=\"envira-gallery-image envira-gallery-image-3 envira-normal \" data-envira-index=\"3\" src=\"https:\/\/baumkletterschule.de\/cms\/wp-content\/uploads\/2016\/11\/2011_03_29_heubach-skt-a_21-683x1024-640x480.jpg\" data-envira-src=\"https:\/\/baumkletterschule.de\/cms\/wp-content\/uploads\/2016\/11\/2011_03_29_heubach-skt-a_21-683x1024-640x480.jpg\" data-envira-gallery-id=\"639\" data-envira-item-id=\"105\" data-envira-caption=\"European Tree Worker \/ European Tree Technician\" alt=\"European Tree Worker \/ European Tree Technician\" title=\"European Tree Worker \/ European Tree Technician\"  itemprop=\"thumbnailUrl\" data-envira-srcset=\"https:\/\/baumkletterschule.de\/cms\/wp-content\/uploads\/2016\/11\/2011_03_29_heubach-skt-a_21-683x1024-640x480.jpg 400w,https:\/\/baumkletterschule.de\/cms\/wp-content\/uploads\/2016\/11\/2011_03_29_heubach-skt-a_21-683x1024-640x480.jpg 2x\" data-envira-width=\"200\" data-envira-height=\"300\" srcset=\"https:\/\/baumkletterschule.de\/cms\/wp-content\/uploads\/2016\/11\/2011_03_29_heubach-skt-a_21-1280x960.jpg 2x\" data-safe-src=\"https:\/\/baumkletterschule.de\/cms\/wp-content\/uploads\/2016\/11\/2011_03_29_heubach-skt-a_21-683x1024-640x480.jpg\" \/><\/a><\/div><\/div><div id=\"envira-gallery-item-182\" class=\"envira-gallery-item enviratope-item envira-gallery-item-4\" style=\"padding-left: 5px; padding-bottom: 10px; padding-right: 5px;\"  itemscope itemtype=\"https:\/\/schema.org\/ImageObject\"><div class=\"envira-gallery-item-inner\"><div class=\"envira-gallery-position-overlay  envira-gallery-top-left\"><\/div><div class=\"envira-gallery-position-overlay  envira-gallery-top-right\"><\/div><div class=\"envira-gallery-position-overlay  envira-gallery-bottom-left\"><\/div><div class=\"envira-gallery-position-overlay  envira-gallery-bottom-right\"><\/div><a href=\"https:\/\/baumkletterschule.de\/cms\/wp-content\/uploads\/2016\/11\/P1020797.jpg\" class=\"envira-gallery-639 envira-gallery-link\" rel=\"enviragallery639\" title=\"European Tree Worker \/ European Tree Technician\" data-envira-caption=\"European Tree Worker \/ European Tree Technician\" data-envira-retina=\"\" data-thumbnail=\"\"  itemprop=\"contentUrl\"><img decoding=\"async\" id=\"envira-gallery-image-182\" class=\"envira-gallery-image envira-gallery-image-4 envira-normal \" data-envira-index=\"4\" src=\"https:\/\/baumkletterschule.de\/cms\/wp-content\/uploads\/2016\/11\/P1020797-1024x768-640x480.jpg\" data-envira-src=\"https:\/\/baumkletterschule.de\/cms\/wp-content\/uploads\/2016\/11\/P1020797-1024x768-640x480.jpg\" data-envira-gallery-id=\"639\" data-envira-item-id=\"182\" data-envira-caption=\"European Tree Worker \/ European Tree Technician\" alt=\"European Tree Worker \/ European Tree Technician\" title=\"European Tree Worker \/ European Tree Technician\"  itemprop=\"thumbnailUrl\" data-envira-srcset=\"https:\/\/baumkletterschule.de\/cms\/wp-content\/uploads\/2016\/11\/P1020797-1024x768-640x480.jpg 400w,https:\/\/baumkletterschule.de\/cms\/wp-content\/uploads\/2016\/11\/P1020797-1024x768-640x480.jpg 2x\" data-envira-width=\"300\" data-envira-height=\"225\" srcset=\"https:\/\/baumkletterschule.de\/cms\/wp-content\/uploads\/2016\/11\/P1020797-1280x960.jpg 2x\" data-safe-src=\"https:\/\/baumkletterschule.de\/cms\/wp-content\/uploads\/2016\/11\/P1020797-1024x768-640x480.jpg\" \/><\/a><\/div><\/div><div id=\"envira-gallery-item-509\" class=\"envira-gallery-item enviratope-item envira-gallery-item-5\" style=\"padding-left: 5px; padding-bottom: 10px; padding-right: 5px;\"  itemscope itemtype=\"https:\/\/schema.org\/ImageObject\"><div class=\"envira-gallery-item-inner\"><div class=\"envira-gallery-position-overlay  envira-gallery-top-left\"><\/div><div class=\"envira-gallery-position-overlay  envira-gallery-top-right\"><\/div><div class=\"envira-gallery-position-overlay  envira-gallery-bottom-left\"><\/div><div class=\"envira-gallery-position-overlay  envira-gallery-bottom-right\"><\/div><a href=\"https:\/\/baumkletterschule.de\/cms\/wp-content\/uploads\/2016\/11\/Baumbeurteilung_1.jpg\" class=\"envira-gallery-639 envira-gallery-link\" rel=\"enviragallery639\" title=\"European Tree Worker \/ European Tree Technician\" data-envira-caption=\"European Tree Worker \/ European Tree Technician\" data-envira-retina=\"\" data-thumbnail=\"\"  itemprop=\"contentUrl\"><img decoding=\"async\" id=\"envira-gallery-image-509\" class=\"envira-gallery-image envira-gallery-image-5 envira-normal \" data-envira-index=\"5\" src=\"https:\/\/baumkletterschule.de\/cms\/wp-content\/uploads\/2016\/11\/Baumbeurteilung_1-768x1024-640x480.jpg\" data-envira-src=\"https:\/\/baumkletterschule.de\/cms\/wp-content\/uploads\/2016\/11\/Baumbeurteilung_1-768x1024-640x480.jpg\" data-envira-gallery-id=\"639\" data-envira-item-id=\"509\" data-envira-caption=\"European Tree Worker \/ European Tree Technician\" alt=\"European Tree Worker \/ European Tree Technician\" title=\"European Tree Worker \/ European Tree Technician\"  itemprop=\"thumbnailUrl\" data-envira-srcset=\"https:\/\/baumkletterschule.de\/cms\/wp-content\/uploads\/2016\/11\/Baumbeurteilung_1-768x1024-640x480.jpg 400w,https:\/\/baumkletterschule.de\/cms\/wp-content\/uploads\/2016\/11\/Baumbeurteilung_1-768x1024-640x480.jpg 2x\" data-envira-width=\"225\" data-envira-height=\"300\" srcset=\"https:\/\/baumkletterschule.de\/cms\/wp-content\/uploads\/2016\/11\/Baumbeurteilung_1-1280x960.jpg 2x\" data-safe-src=\"https:\/\/baumkletterschule.de\/cms\/wp-content\/uploads\/2016\/11\/Baumbeurteilung_1-768x1024-640x480.jpg\" \/><\/a><\/div><\/div><\/div><\/div><noscript><img decoding=\"async\" src=\"https:\/\/baumkletterschule.de\/cms\/wp-content\/uploads\/2016\/11\/Kronensicherung_1_web.jpg\" alt=\"European Tree Worker \/ European Tree Technician\" \/><img decoding=\"async\" src=\"https:\/\/baumkletterschule.de\/cms\/wp-content\/uploads\/2016\/11\/P1040383.jpg\" alt=\"European Tree Worker \/ European Tree Technician\" \/><img decoding=\"async\" src=\"https:\/\/baumkletterschule.de\/cms\/wp-content\/uploads\/2016\/11\/2011_03_29_heubach-skt-a_21.jpg\" alt=\"European Tree Worker \/ European Tree Technician\" \/><img decoding=\"async\" src=\"https:\/\/baumkletterschule.de\/cms\/wp-content\/uploads\/2016\/11\/P1020797.jpg\" alt=\"European Tree Worker \/ European Tree Technician\" \/><img decoding=\"async\" src=\"https:\/\/baumkletterschule.de\/cms\/wp-content\/uploads\/2016\/11\/Baumbeurteilung_1.jpg\" alt=\"European Tree Worker \/ European Tree Technician\" \/><\/noscript>\n","protected":false},"excerpt":{"rendered":"<p>Der European Tree Worker (ETW) soll europaweit einheitlich die wesentlichen Arbeiten am und im Baum auf der Grundlage des aktuellen Wissensstandes unter Ber\u00fccksichtigung der Belange des Natur-, Umwelt- und Unfallschutzes &#8230;<\/p>\n","protected":false},"author":6,"featured_media":0,"parent":15,"menu_order":0,"comment_status":"closed","ping_status":"closed","template":"template-full-width.php","meta":{"footnotes":""},"categories":[],"tags":[],"class_list":["post-636","page","type-page","status-publish","hentry"],"aioseo_notices":[],"_links":{"self":[{"href":"https:\/\/baumkletterschule.de\/cms\/wp-json\/wp\/v2\/pages\/636","targetHints":{"allow":["GET"]}}],"collection":[{"href":"https:\/\/baumkletterschule.de\/cms\/wp-json\/wp\/v2\/pages"}],"about":[{"href":"https:\/\/baumkletterschule.de\/cms\/wp-json\/wp\/v2\/types\/page"}],"author":[{"embeddable":true,"href":"https:\/\/baumkletterschule.de\/cms\/wp-json\/wp\/v2\/users\/6"}],"replies":[{"embeddable":true,"href":"https:\/\/baumkletterschule.de\/cms\/wp-json\/wp\/v2\/comments?post=636"}],"version-history":[{"count":74,"href":"https:\/\/baumkletterschule.de\/cms\/wp-json\/wp\/v2\/pages\/636\/revisions"}],"predecessor-version":[{"id":10441,"href":"https:\/\/baumkletterschule.de\/cms\/wp-json\/wp\/v2\/pages\/636\/revisions\/10441"}],"up":[{"embeddable":true,"href":"https:\/\/baumkletterschule.de\/cms\/wp-json\/wp\/v2\/pages\/15"}],"wp:attachment":[{"href":"https:\/\/baumkletterschule.de\/cms\/wp-json\/wp\/v2\/media?parent=636"}],"wp:term":[{"taxonomy":"category","embeddable":true,"href":"https:\/\/baumkletterschule.de\/cms\/wp-json\/wp\/v2\/categories?post=636"},{"taxonomy":"post_tag","embeddable":true,"href":"https:\/\/baumkletterschule.de\/cms\/wp-json\/wp\/v2\/tags?post=636"}],"curies":[{"name":"wp","href":"https:\/\/api.w.org\/{rel}","templated":true}]}}