{"id":6,"date":"2016-10-09T09:20:12","date_gmt":"2016-10-09T09:20:12","guid":{"rendered":"https:\/\/baumkletterschule.de\/cms\/?page_id=6"},"modified":"2021-05-21T09:57:31","modified_gmt":"2021-05-21T07:57:31","slug":"home","status":"publish","type":"page","link":"https:\/\/baumkletterschule.de\/cms\/home\/","title":{"rendered":"Willkommen bei der M\u00fcnchner Baumkletterschule"},"content":{"rendered":"<p><b>\u00dcberall in Deutschland bieten wir Baumkletterkurse und Baumpflegeseminare an, die Sie fit machen f\u00fcr den sch\u00f6nsten Job der Welt am sch\u00f6nsten Ort der Welt: dem Baum. <\/b><\/p>\n<p><strong>Auch in Ihrer N\u00e4he!<\/strong><\/p>\n<p><strong><span style=\"color: #ff0000;\">WICHTIG: Informationen zu unseren Kursen<br \/>\n<\/span><\/strong><\/p>\n<p><b>1. Neue Vorschrift der SVLFG f\u00fcr SKT-A Kurse<\/b><\/p>\n<p>Ab sofort muss vor dem Seilklettertechnik Basiskurs SKT-A die Fachkunde in der Baumbeurteilung nachgewiesen werden! Das hat die SVLFG (Berufsgenossenschaft) neu festgelegt.<\/p>\n<p>Als akkreditierte Kletterschule bilden wir im Rahmen der berufsgenossenschaftlichen Regeln aus. Deshalb werden wir von nun an einen entsprechenden Fachkundenachweis als Voraussetzung f\u00fcr den SKT-A Kurs einfordern.<\/p>\n<p>Das f\u00fchrt zu einem organisatorischen Mehraufwand f\u00fcr alle, den wir gerne vermieden h\u00e4tten. Denn bisher hatten wir diesen Part im SKT-A Kurs integriert und sind auch der Meinung, es w\u00e4re nicht zwingend notwendig, die Auseinandersetzung mit dieser Thematik vor dem Einstiegskurs zu fordern. Dazu gibt es viel zu sagen und wir haben die Argumente daf\u00fcr auch in die Beratungen eingebracht, alleine die Diskussion dar\u00fcber wurde nicht zugelassen und abgeschmettert. So bleibt derzeit nur, sich mit dieser Regelung zu arrangieren.<\/p>\n<h5><span style=\"color: #ff6600;\">Mehr Informationen dazu finden Sie hier:<\/span> <i><a href=\"https:\/\/baumkletterschule.de\/cms\/wp-content\/uploads\/2021\/02\/Info_Baumfachkunde_SKT-A.pdf\" target=\"_blank\" rel=\"noopener\">Neuerungen Voraussetzungen SKT-A<\/a><\/i><\/h5>\n<p><b>2. Corona<\/b><\/p>\n<p>Corona h\u00e4lt uns nach wie vor auf Trab. Wir tun alles, um das Infektionsrisiko auf unseren Kursen auf ein Minimum zu reduzieren und verantwortlich mit dem Thema umzugehen. Zur Einhaltung der <a href=\"https:\/\/baumkletterschule.de\/cms\/wp-content\/uploads\/2020\/04\/Coronabelehrung-SKT-Kurse_2004.pdf\">Hygieneregeln<\/a> bringen Sie bitte geeignete Masken zu den Kursen mit. Masken k\u00f6nnen Sie auch gegen eine Geb\u00fchr auf den Kursen erwerben.<\/p>\n<p>Im Zusammenhang mit den Corona-Regeln und der unterschiedlichen Umsetzung in den einzelnen Bundesl\u00e4ndern \u00e4ndern sich die Vorgaben zur Durchf\u00fchrung beruflicher Weiterbildungen laufend. Deshalb k\u00f6nnen wir derzeit kurzfristige Kursabsagen leider nicht immer verhindern. Nat\u00fcrlich informieren wir Sie sofort, sobald sich etwas \u00e4ndert und ein Kurs abgesagt werden muss.<\/p>\n<p>Informationen zu einzelnen Kursen und zur aktuellen Lage erhalten Sie am Telefon unter der 08105\/ 27 27 01 (Montag bis Freitag, 9 bis 17 Uhr) oder per E-Mail an\u00a0<a href=\"mailto:info@baumkletterschule.de\">info@baumkletterschule.de<\/a>.<\/p>\n<p>Wir freuen uns auf Sie und bis dahin bleiben Sie munter und gesund!<br \/>\nIhre M\u00fcnchner Baumkletterschule<\/p>\n<p>&nbsp;<\/p>\n<p><a href=\"https:\/\/baumkletterschule.de\/cms\/team\/\"><img loading=\"lazy\" decoding=\"async\" class=\"alignleft wp-image-1361 size-full\" src=\"https:\/\/baumkletterschule.de\/cms\/wp-content\/uploads\/2017\/03\/MBKS_Gruppenbild_2017_homepage.jpg\" alt=\"MBKS Team\" width=\"1016\" height=\"472\" srcset=\"https:\/\/baumkletterschule.de\/cms\/wp-content\/uploads\/2017\/03\/MBKS_Gruppenbild_2017_homepage.jpg 1016w, https:\/\/baumkletterschule.de\/cms\/wp-content\/uploads\/2017\/03\/MBKS_Gruppenbild_2017_homepage-300x139.jpg 300w, https:\/\/baumkletterschule.de\/cms\/wp-content\/uploads\/2017\/03\/MBKS_Gruppenbild_2017_homepage-768x357.jpg 768w\" sizes=\"auto, (max-width: 1016px) 100vw, 1016px\" \/><\/a><\/p>\n<p>&nbsp;<\/p>\n<p>Wir bilden deutschlandweit in den Bereichen Seilklettertechnik, Baumpflege und Arbeitssicherheit aus: Angefangen dabei, wie man in den Baum kommt, \u00fcber die richtige Pflegema\u00dfnahme bis hin zum sicheren Umgang mit den Ger\u00e4ten \u2013 sowohl im Baum, als auch auf dem Boden.<\/p>\n","protected":false},"excerpt":{"rendered":"<p>\u00dcberall in Deutschland bieten wir Baumkletterkurse und Baumpflegeseminare an, die Sie fit machen f\u00fcr den sch\u00f6nsten Job der Welt am sch\u00f6nsten Ort der Welt: dem Baum. Auch in Ihrer N\u00e4he! &#8230;<\/p>\n","protected":false},"author":1,"featured_media":0,"parent":0,"menu_order":0,"comment_status":"closed","ping_status":"closed","template":"","meta":{"footnotes":""},"categories":[],"tags":[],"class_list":["post-6","page","type-page","status-publish","hentry"],"aioseo_notices":[],"_links":{"self":[{"href":"https:\/\/baumkletterschule.de\/cms\/wp-json\/wp\/v2\/pages\/6","targetHints":{"allow":["GET"]}}],"collection":[{"href":"https:\/\/baumkletterschule.de\/cms\/wp-json\/wp\/v2\/pages"}],"about":[{"href":"https:\/\/baumkletterschule.de\/cms\/wp-json\/wp\/v2\/types\/page"}],"author":[{"embeddable":true,"href":"https:\/\/baumkletterschule.de\/cms\/wp-json\/wp\/v2\/users\/1"}],"replies":[{"embeddable":true,"href":"https:\/\/baumkletterschule.de\/cms\/wp-json\/wp\/v2\/comments?post=6"}],"version-history":[{"count":164,"href":"https:\/\/baumkletterschule.de\/cms\/wp-json\/wp\/v2\/pages\/6\/revisions"}],"predecessor-version":[{"id":5895,"href":"https:\/\/baumkletterschule.de\/cms\/wp-json\/wp\/v2\/pages\/6\/revisions\/5895"}],"wp:attachment":[{"href":"https:\/\/baumkletterschule.de\/cms\/wp-json\/wp\/v2\/media?parent=6"}],"wp:term":[{"taxonomy":"category","embeddable":true,"href":"https:\/\/baumkletterschule.de\/cms\/wp-json\/wp\/v2\/categories?post=6"},{"taxonomy":"post_tag","embeddable":true,"href":"https:\/\/baumkletterschule.de\/cms\/wp-json\/wp\/v2\/tags?post=6"}],"curies":[{"name":"wp","href":"https:\/\/api.w.org\/{rel}","templated":true}]}}