{"id":429,"date":"2016-11-23T14:45:07","date_gmt":"2016-11-23T12:45:07","guid":{"rendered":"https:\/\/baumkletterschule.de\/cms\/?page_id=429"},"modified":"2026-03-30T13:42:42","modified_gmt":"2026-03-30T11:42:42","slug":"tageskurs","status":"publish","type":"page","link":"https:\/\/baumkletterschule.de\/cms\/kursinfo\/kletterkurse\/tageskurs\/","title":{"rendered":"Tageskurs Baumklettern"},"content":{"rendered":"<p>Neben der professionellen Ausbildung in der Seilklettertechnik (SKT) f\u00fcr ange\u00adhende Baumpfleger:innen er\u00f6ffnet der Baumkletter-Tageskurs auch Baumkontrol\u00adleur:innen, Natursch\u00fctzer:innen, Wissenschaft\u00adler:innen und anderen Interessierten eine erste M\u00f6glichkeit, die Seilklettertechnik kennenzuler\u00adnen und auszuprobieren.<\/p>\n<p>Im Baumkletter-Tageskurs geht es vor allem um die ersten \u201eSchritte\u201c hinauf in den Baum, einen Einblick in die Seilklettertechnik und die wichtigsten Punkte zur Erken\u00adnung von Gefahren am Baum. Auf dem Programm stehen das stammnahe Be\u00adsteigen der B\u00e4ume, das Hinauf und Hi\u00adnab sowie Basiskenntnisse zur Rettung. Es ist ausreichend Zeit, die Technik zu \u00fcben und einzustudieren. Der Einsatz von Hands\u00e4gen und Schneidewerkzeugen ist jedoch nicht Bestandteil dieses Kurses.<\/p>\n<p>Personen, die aus gewerblichen Gr\u00fcnden B\u00e4ume besteigen m\u00fcssen, erhalten f\u00fcr ihren Unfallversicherer eine Teilnamebescheinigung. Ob dieser Nachweis f\u00fcr die T\u00e4tigkeit ausreichend ist, muss im Einzelfall die Gef\u00e4hrdungsbeurteilung kl\u00e4ren. Die Rettung muss bei Eins\u00e4tzen gew\u00e4hrleistet sein.<\/p>\n<p><strong>TIPP:<\/strong> Bei gewerblichen Eins\u00e4tzen ohne Motors\u00e4gen-Einsatz am besten gleich den <a title=\"Kursinfo: SKT A\" href=\"..\/cms\/kursinfo\/kletterkurse\/skt-a\/\" target=\"_blank\" rel=\"noopener\">SKT-A-Basislehrgang<\/a> buchen.<\/p>\n<p><strong>Dieser Kurs erf\u00fcllt die Anforderungen f\u00fcr die \u00bbj\u00e4hrliche Unterweisung\u00ab f\u00fcr das Baumklettern.<\/strong><\/p>\n<p>Achtung: dieser Tageskurs ersetzt nicht den f\u00fcnft\u00e4tigen SKT A-Kurs, wie er f\u00fcr die Anwendung in der Baumpflege von der Berufsgenossenschaft gefordert wird.<\/p>\n<p>&nbsp;<\/p>\n<p><a class=\"Termine_und_Buchung\" href=\"https:\/\/buchung.baumkletterschule.de\/?rq_AppGuid=5E5C0C601B319D20997007E3327904420CC3B98C&amp;rq_TargetPageGuid=571D5772177FC7D5D3DE78309A57E877C24AE10C&amp;rq_kurstyp=3330&amp;rq_Layout=MBKS_Website\">Termine und Buchung<\/a> \u00a0\u00a0\u00a0\u00a0\u00a0\u00a0\u00a0\u00a0\u00a0 <a class=\"Termine_und_Buchung\" href=\"mailto:info@baumkletterschule.de\">als Interessent registrieren<\/a><\/p>\n<p>&nbsp;<\/p>\n<div class=\"zweispaltig\">\n<div class=\"links\">\n<h5>Voraussetzungen Privatteilnehmer<\/h5>\n<ul>\n<li>PSA-gepr\u00fcfte Kletterausr\u00fcstung<br \/>\n(Mietausr\u00fcstung kann bei Anmeldung dazu gebucht werden)<\/li>\n<li>K\u00f6rperliche Fitness<\/li>\n<li>Mindestalter 12 Jahre (bis 18 Jahre Einverst\u00e4ndnis der Eltern)<\/li>\n<\/ul>\n<\/div>\n<div class=\"links\"><\/div>\n<div class=\"links\">\n<h2><\/h2>\n<h5>Voraussetzungen gewerbliche Teilnehmer<\/h5>\n<ul>\n<li>PSA-gepr\u00fcfte Kletterausr\u00fcstung<br \/>\n(Mietausr\u00fcstung kann bei Anmeldung dazu gebucht werden)<\/li>\n<li>Nachweis der k\u00f6rperlichen und geistigen Eignung bzw. Tauglichkeit f\u00fcr \u201e<strong>gef\u00e4hrliche Baumarbeiten\u201c<\/strong>\u00a0und \u201e<strong>Arbeiten<\/strong>\u00a0<strong>mit Absturzgefahr\u201c\u00a0<\/strong>durch einen Arbeits- oder Betriebsmediziner.<em><br \/>\nDie Eignungsuntersuchungen werden von der Sozialversicherung f\u00fcr Landwirtschaft, Forsten und Gartenbau (SVLFG) als Zulassungsvoraussetzungen gefordert und sind somit f\u00fcr uns als begutachtete Schule bindend. (\u00a7 2 der VSG 4.2 \u201eGartenbau, Obstbau und Parkanlagen\u201c bzw. \u00a7 1 der VSG 4.3 \u201eForsten\u201c).<\/em><\/li>\n<\/ul>\n<\/div>\n<\/div>\n<div class=\"clear\"><\/div>\n<h5>Weitere Informationen<\/h5>\n<ul class=\"zweispaltig\">\n<li>Allgemeine Kursinformationen<\/li>\n<li><a href=\"https:\/\/baumkletterschule.de\/cms\/wp-content\/uploads\/2019\/11\/Dokument-B-Kursprogramm_TK.pdf\">Kursprogramm<\/a><\/li>\n<li class=\"pdf\"><a href=\"https:\/\/baumkletterschule.de\/cms\/wp-content\/uploads\/2024\/11\/Dokument-E-Ausruestung_TK.pdf\">Mietausr\u00fcstung_PSA<\/a><\/li>\n<li><a href=\"https:\/\/baumkletterschule.de\/cms\/wp-content\/uploads\/2024\/11\/241120-Flyer-Ruecktrittskosten-Versicherung.pdf\">Kursr\u00fccktrittsversicherung<\/a><\/li>\n<li style=\"display: none;\"><a href=\"https:\/\/baumkletterschule.de\/cms\/wp-content\/uploads\/2019\/11\/TK.pdf\">Fax-Buchungsformular<\/a><\/li>\n<li><a href=\"https:\/\/baumkletterschule.de\/cms\/wp-content\/uploads\/2025\/11\/251125-b45-broschuere-arbeitsmedizinische-vorsorge.pdf\">B<\/a><a href=\"https:\/\/baumkletterschule.de\/cms\/wp-content\/uploads\/2025\/11\/251125-b45-broschuere-arbeitsmedizinische-vorsorge.pdf\">45-broschuere-arbeitsmedizinische-vorsorge<\/a><\/li>\n<\/ul>\n<div id=\"envira-gallery-wrap-435\" class=\"envira-gallery-wrap envira-gallery-theme-base envira-lightbox-theme-base\" itemscope itemtype=\"https:\/\/schema.org\/ImageGallery\"><div data-row-height=\"150\" data-gallery-theme=\"normal\" id=\"envira-gallery-435\" class=\"envira-gallery-public envira-gallery-justified-public envira-gallery-0-columns envira-clear enviratope envira-gallery-css-animations\" data-envira-columns=\"0\"><div id=\"envira-gallery-item-179\" class=\"envira-gallery-item enviratope-item envira-gallery-item-1\" style=\"padding-left: 5px; padding-bottom: 10px; padding-right: 5px;\"  itemscope itemtype=\"https:\/\/schema.org\/ImageObject\"><div class=\"envira-gallery-item-inner\"><div class=\"envira-gallery-position-overlay  envira-gallery-top-left\"><\/div><div class=\"envira-gallery-position-overlay  envira-gallery-top-right\"><\/div><div class=\"envira-gallery-position-overlay  envira-gallery-bottom-left\"><\/div><div class=\"envira-gallery-position-overlay  envira-gallery-bottom-right\"><\/div><a href=\"https:\/\/baumkletterschule.de\/cms\/wp-content\/uploads\/2016\/11\/P1000236.jpg\" class=\"envira-gallery-435 envira-gallery-link\" rel=\"enviragallery435\" title=\"Tageskurs Baumklettern\" data-envira-caption=\"Tageskurs Baumklettern\" data-envira-retina=\"\" data-thumbnail=\"\"  itemprop=\"contentUrl\"><img decoding=\"async\" id=\"envira-gallery-image-179\" class=\"envira-gallery-image envira-gallery-image-1 envira-normal \" data-envira-index=\"1\" src=\"https:\/\/baumkletterschule.de\/cms\/wp-content\/uploads\/2016\/11\/P1000236-1024x768-640x480.jpg\" data-envira-src=\"https:\/\/baumkletterschule.de\/cms\/wp-content\/uploads\/2016\/11\/P1000236-1024x768-640x480.jpg\" data-envira-gallery-id=\"435\" data-envira-item-id=\"179\" data-envira-caption=\"Tageskurs Baumklettern\" alt=\"Tageskurs Baumklettern\" title=\"Tageskurs Baumklettern\"  itemprop=\"thumbnailUrl\" data-envira-srcset=\"https:\/\/baumkletterschule.de\/cms\/wp-content\/uploads\/2016\/11\/P1000236-1024x768-640x480.jpg 400w,https:\/\/baumkletterschule.de\/cms\/wp-content\/uploads\/2016\/11\/P1000236-1024x768-640x480.jpg 2x\" data-envira-width=\"300\" data-envira-height=\"225\" srcset=\"https:\/\/baumkletterschule.de\/cms\/wp-content\/uploads\/2016\/11\/P1000236-1280x960.jpg 2x\" data-safe-src=\"https:\/\/baumkletterschule.de\/cms\/wp-content\/uploads\/2016\/11\/P1000236-1024x768-640x480.jpg\" \/><\/a><\/div><\/div><div id=\"envira-gallery-item-297\" class=\"envira-gallery-item enviratope-item envira-gallery-item-2\" style=\"padding-left: 5px; padding-bottom: 10px; padding-right: 5px;\"  itemscope itemtype=\"https:\/\/schema.org\/ImageObject\"><div class=\"envira-gallery-item-inner\"><div class=\"envira-gallery-position-overlay  envira-gallery-top-left\"><\/div><div class=\"envira-gallery-position-overlay  envira-gallery-top-right\"><\/div><div class=\"envira-gallery-position-overlay  envira-gallery-bottom-left\"><\/div><div class=\"envira-gallery-position-overlay  envira-gallery-bottom-right\"><\/div><a href=\"https:\/\/baumkletterschule.de\/cms\/wp-content\/uploads\/2016\/11\/P1020272.jpg\" class=\"envira-gallery-435 envira-gallery-link\" rel=\"enviragallery435\" title=\"Tageskurs Baumklettern\" data-envira-caption=\"Tageskurs Baumklettern\" data-envira-retina=\"\" data-thumbnail=\"\"  itemprop=\"contentUrl\"><img decoding=\"async\" id=\"envira-gallery-image-297\" class=\"envira-gallery-image envira-gallery-image-2 envira-normal \" data-envira-index=\"2\" src=\"https:\/\/baumkletterschule.de\/cms\/wp-content\/uploads\/2016\/11\/P1020272-1024x768-640x480.jpg\" data-envira-src=\"https:\/\/baumkletterschule.de\/cms\/wp-content\/uploads\/2016\/11\/P1020272-1024x768-640x480.jpg\" data-envira-gallery-id=\"435\" data-envira-item-id=\"297\" data-envira-caption=\"Tageskurs Baumklettern\" alt=\"Tageskurs Baumklettern\" title=\"Tageskurs Baumklettern\"  itemprop=\"thumbnailUrl\" data-envira-srcset=\"https:\/\/baumkletterschule.de\/cms\/wp-content\/uploads\/2016\/11\/P1020272-1024x768-640x480.jpg 400w,https:\/\/baumkletterschule.de\/cms\/wp-content\/uploads\/2016\/11\/P1020272-1024x768-640x480.jpg 2x\" data-envira-width=\"300\" data-envira-height=\"225\" srcset=\"https:\/\/baumkletterschule.de\/cms\/wp-content\/uploads\/2016\/11\/P1020272-1280x960.jpg 2x\" data-safe-src=\"https:\/\/baumkletterschule.de\/cms\/wp-content\/uploads\/2016\/11\/P1020272-1024x768-640x480.jpg\" \/><\/a><\/div><\/div><\/div><\/div><noscript><img decoding=\"async\" src=\"https:\/\/baumkletterschule.de\/cms\/wp-content\/uploads\/2016\/11\/P1000236.jpg\" alt=\"Tageskurs Baumklettern\" \/><img decoding=\"async\" src=\"https:\/\/baumkletterschule.de\/cms\/wp-content\/uploads\/2016\/11\/P1020272.jpg\" alt=\"Tageskurs Baumklettern\" \/><\/noscript>\n","protected":false},"excerpt":{"rendered":"<p>Neben der professionellen Ausbildung in der Seilklettertechnik (SKT) f\u00fcr ange\u00adhende Baumpfleger:innen er\u00f6ffnet der Baumkletter-Tageskurs auch Baumkontrol\u00adleur:innen, Natursch\u00fctzer:innen, Wissenschaft\u00adler:innen und anderen Interessierten eine erste M\u00f6glichkeit, die Seilklettertechnik kennenzuler\u00adnen und auszuprobieren. Im &#8230;<\/p>\n","protected":false},"author":6,"featured_media":0,"parent":13,"menu_order":0,"comment_status":"closed","ping_status":"closed","template":"template-full-width.php","meta":{"footnotes":""},"categories":[],"tags":[],"class_list":["post-429","page","type-page","status-publish","hentry"],"aioseo_notices":[],"_links":{"self":[{"href":"https:\/\/baumkletterschule.de\/cms\/wp-json\/wp\/v2\/pages\/429","targetHints":{"allow":["GET"]}}],"collection":[{"href":"https:\/\/baumkletterschule.de\/cms\/wp-json\/wp\/v2\/pages"}],"about":[{"href":"https:\/\/baumkletterschule.de\/cms\/wp-json\/wp\/v2\/types\/page"}],"author":[{"embeddable":true,"href":"https:\/\/baumkletterschule.de\/cms\/wp-json\/wp\/v2\/users\/6"}],"replies":[{"embeddable":true,"href":"https:\/\/baumkletterschule.de\/cms\/wp-json\/wp\/v2\/comments?post=429"}],"version-history":[{"count":69,"href":"https:\/\/baumkletterschule.de\/cms\/wp-json\/wp\/v2\/pages\/429\/revisions"}],"predecessor-version":[{"id":10485,"href":"https:\/\/baumkletterschule.de\/cms\/wp-json\/wp\/v2\/pages\/429\/revisions\/10485"}],"up":[{"embeddable":true,"href":"https:\/\/baumkletterschule.de\/cms\/wp-json\/wp\/v2\/pages\/13"}],"wp:attachment":[{"href":"https:\/\/baumkletterschule.de\/cms\/wp-json\/wp\/v2\/media?parent=429"}],"wp:term":[{"taxonomy":"category","embeddable":true,"href":"https:\/\/baumkletterschule.de\/cms\/wp-json\/wp\/v2\/categories?post=429"},{"taxonomy":"post_tag","embeddable":true,"href":"https:\/\/baumkletterschule.de\/cms\/wp-json\/wp\/v2\/tags?post=429"}],"curies":[{"name":"wp","href":"https:\/\/api.w.org\/{rel}","templated":true}]}}