{"id":411,"date":"2016-11-23T13:53:44","date_gmt":"2016-11-23T11:53:44","guid":{"rendered":"https:\/\/baumkletterschule.de\/cms\/?page_id=411"},"modified":"2026-03-30T13:45:42","modified_gmt":"2026-03-30T11:45:42","slug":"rigging-praxis","status":"publish","type":"page","link":"https:\/\/baumkletterschule.de\/cms\/kursinfo\/kletterkurse\/rigging-praxis\/","title":{"rendered":"Rigging Praxis"},"content":{"rendered":"<p lang=\"de-DE\">Die vermittelten Schnitt- und Riggingtechniken des SKT B-Kurses gen\u00fcgen, um nach einiger \u00dcbung die Herausforderungen des normalen Baumpflege-Alltages zu meistern. Doch irgendwann sind die Grenzen des soliden Grund\u00adwissens erreicht. W\u00e4hrend dieser zwei Tage lernen Sie, Ihre Rigging-Grenzen zu verschieben. Unsere Ausbilder zeigen Ihnen, was Sie mit Pollern, Winschen und Fla\u00adschenz\u00fcgen alles bewegen k\u00f6nnen. Sie werden komplexe Abseilsysteme auf\u00adbauen und Seilbahnen installieren. Sie werden mit unterschiedlichen Methoden \u00c4ste anschlagen, mit verschie\u00addenen Schnitttechniken abs\u00e4gen und die \u00c4ste durch den Baum und zum Bo\u00adden bewegen. Das sind Herausforde\u00adrungen, die Sie und Ihre Kunden begei\u00adstern.<br \/>\nSowohl f\u00fcr Kletterer als auch f\u00fcr Bodenleute bedeuten solche an\u00adspruchsvollen Arbeiten ein erh\u00f6htes Ma\u00df an Wissen, K\u00f6nnen und Aufmerk\u00adsamkeit. Reduzieren Sie Ihr eigenes Risiko und machen Sie sich unter der Anleitung erfahrener Ausbilder mit diesen Techniken vertraut. Ideal f\u00fcr Seilklettertechniker und Bodenleute, die im Team arbeiten.<strong><br \/>\nDieser Kurs erf\u00fcllt die Anforderungen f\u00fcr die \u00bbj\u00e4hrliche Unterweisung\u00ab f\u00fcr das Baumklettern.<\/strong><\/p>\n<p style=\"text-align: center;\"><a class=\"Termine_und_Buchung\" href=\"https:\/\/buchung.baumkletterschule.de\/?rq_AppGuid=5E5C0C601B319D20997007E3327904420CC3B98C&amp;rq_TargetPageGuid=571D5772177FC7D5D3DE78309A57E877C24AE10C&amp;rq_kurstyp=3235&amp;rq_Layout=MBKS_Website\">Termine und Buchung<\/a> \u00a0\u00a0\u00a0\u00a0\u00a0\u00a0\u00a0\u00a0\u00a0\u00a0\u00a0\u00a0\u00a0\u00a0\u00a0\u00a0 <a class=\"Termine_und_Buchung\" href=\"mailto:info@baumkletterschule.de\">als Interessent registrieren<\/a><\/p>\n<div class=\"links\">\n<p>&nbsp;<\/p>\n<p><strong>Voraussetzungen:<\/strong><\/p>\n<ul>\n<li style=\"list-style-type: none;\">\n<ul>\n<li>Teilnahme am Kurs <a href=\"https:\/\/baumkletterschule.de\/cms\/kursinfo\/kletterkurse\/rigging-model\/\">Rigging am Modell<\/a><\/li>\n<li>Bitte bei Anmeldung angeben ob SKT-A oder SKT-B vorhanden oder Teilnahme als Bodenpersonal geplant ist.<\/li>\n<li>g\u00fcltiger Erste-Hilfe Kurs<\/li>\n<li>eigene Kletterausr\u00fcstung (PSA)<\/li>\n<li>eigene Schnittschutzkleidung<\/li>\n<li>Nachweis der k\u00f6rperlichen und geistigen Eignung bzw. Tauglichkeit f\u00fcr \u201e<strong>gef\u00e4hrliche Baumarbeiten\u201c<\/strong>\u00a0und \u201e<strong>Arbeiten<\/strong>\u00a0<strong>mit Absturzgefahr\u201c\u00a0<\/strong>durch einen Arbeits- oder Betriebsmediziner.<em><br \/>\nDie Eignungsuntersuchungen werden von der Sozialversicherung f\u00fcr Landwirtschaft, Forsten und Gartenbau (SVLFG) als Zulassungsvoraussetzungen gefordert und sind somit f\u00fcr uns als begutachtete Schule bindend. (\u00a7 2 der VSG 4.2 \u201eGartenbau, Obstbau und Parkanlagen\u201c bzw. \u00a7 1 der VSG 4.3 \u201eForsten\u201c).<\/em><\/li>\n<\/ul>\n<\/li>\n<\/ul>\n<\/div>\n<p>&nbsp;<\/p>\n<p><strong>TIPP:<\/strong> Ausr\u00fcstung f\u00fcr Rigging finden Sie bei unserem Ausr\u00fcstungspartner: <a href=\"https:\/\/shop.freeworker.de\/baumpflege\/rigging.html\"><img loading=\"lazy\" decoding=\"async\" class=\"alignnone wp-image-8085\" src=\"https:\/\/baumkletterschule.de\/cms\/wp-content\/uploads\/2023\/08\/230823-Logo-Freeworker_224x224px-002.jpg\" alt=\"\" width=\"131\" height=\"76\" \/><\/a><\/p>\n<h3><\/h3>\n<h3>Weitere Informationen<\/h3>\n<ul class=\"zweispaltig\">\n<li>Allgemeine Kursinformationen<\/li>\n<li><a href=\"https:\/\/baumkletterschule.de\/cms\/wp-content\/uploads\/2019\/11\/Dokument-B-Kursprogramm_RIG-P.pdf\">Kursprogramm<\/a><\/li>\n<li><a href=\"https:\/\/baumkletterschule.de\/cms\/wp-content\/uploads\/2019\/11\/Dokument-C_5Kursr\u00fccktrittsversicherung.pdf\">Kursr\u00fccktrittsversicherung<\/a><\/li>\n<li style=\"display: none;\"><a href=\"https:\/\/baumkletterschule.de\/cms\/wp-content\/uploads\/2019\/11\/RIG-P.pdf\">Fax-Buchungsformular<\/a><\/li>\n<li>B<a href=\"https:\/\/baumkletterschule.de\/cms\/wp-content\/uploads\/2025\/11\/251125-b45-broschuere-arbeitsmedizinische-vorsorge.pdf\">45-broschuere-arbeitsmedizinische-vorsorge<\/a><\/li>\n<\/ul>\n<div id=\"envira-gallery-wrap-423\" class=\"envira-gallery-wrap envira-gallery-theme-base envira-lightbox-theme-base\" itemscope itemtype=\"https:\/\/schema.org\/ImageGallery\"><div data-row-height=\"150\" data-gallery-theme=\"normal\" id=\"envira-gallery-423\" class=\"envira-gallery-public envira-gallery-justified-public envira-gallery-0-columns envira-clear enviratope envira-gallery-css-animations\" data-envira-columns=\"0\"><div id=\"envira-gallery-item-312\" class=\"envira-gallery-item enviratope-item envira-gallery-item-1\" style=\"padding-left: 5px; padding-bottom: 10px; padding-right: 5px;\"  itemscope itemtype=\"https:\/\/schema.org\/ImageObject\"><div class=\"envira-gallery-item-inner\"><div class=\"envira-gallery-position-overlay  envira-gallery-top-left\"><\/div><div class=\"envira-gallery-position-overlay  envira-gallery-top-right\"><\/div><div class=\"envira-gallery-position-overlay  envira-gallery-bottom-left\"><\/div><div class=\"envira-gallery-position-overlay  envira-gallery-bottom-right\"><\/div><a href=\"https:\/\/baumkletterschule.de\/cms\/wp-content\/uploads\/2016\/11\/SKT-B_3.jpg\" class=\"envira-gallery-423 envira-gallery-link\" rel=\"enviragallery423\" title=\"Rigging Praxis\" data-envira-caption=\"Rigging Praxis\" data-envira-retina=\"\" data-thumbnail=\"\"  itemprop=\"contentUrl\"><img decoding=\"async\" id=\"envira-gallery-image-312\" class=\"envira-gallery-image envira-gallery-image-1 envira-normal \" data-envira-index=\"1\" src=\"https:\/\/baumkletterschule.de\/cms\/wp-content\/uploads\/2016\/11\/SKT-B_3-1024x768-640x480.jpg\" data-envira-src=\"https:\/\/baumkletterschule.de\/cms\/wp-content\/uploads\/2016\/11\/SKT-B_3-1024x768-640x480.jpg\" data-envira-gallery-id=\"423\" data-envira-item-id=\"312\" data-envira-caption=\"Rigging Praxis\" alt=\"Rigging Praxis\" title=\"Rigging Praxis\"  itemprop=\"thumbnailUrl\" data-envira-srcset=\"https:\/\/baumkletterschule.de\/cms\/wp-content\/uploads\/2016\/11\/SKT-B_3-1024x768-640x480.jpg 400w,https:\/\/baumkletterschule.de\/cms\/wp-content\/uploads\/2016\/11\/SKT-B_3-1024x768-640x480.jpg 2x\" data-envira-width=\"300\" data-envira-height=\"225\" srcset=\"https:\/\/baumkletterschule.de\/cms\/wp-content\/uploads\/2016\/11\/SKT-B_3-1280x960.jpg 2x\" data-safe-src=\"https:\/\/baumkletterschule.de\/cms\/wp-content\/uploads\/2016\/11\/SKT-B_3-1024x768-640x480.jpg\" \/><\/a><\/div><\/div><div id=\"envira-gallery-item-271\" class=\"envira-gallery-item enviratope-item envira-gallery-item-2\" style=\"padding-left: 5px; padding-bottom: 10px; padding-right: 5px;\"  itemscope itemtype=\"https:\/\/schema.org\/ImageObject\"><div class=\"envira-gallery-item-inner\"><div class=\"envira-gallery-position-overlay  envira-gallery-top-left\"><\/div><div class=\"envira-gallery-position-overlay  envira-gallery-top-right\"><\/div><div class=\"envira-gallery-position-overlay  envira-gallery-bottom-left\"><\/div><div class=\"envira-gallery-position-overlay  envira-gallery-bottom-right\"><\/div><a href=\"https:\/\/baumkletterschule.de\/cms\/wp-content\/uploads\/2016\/11\/2012_04_19_b-kurs_friedensengel211.jpg\" class=\"envira-gallery-423 envira-gallery-link\" rel=\"enviragallery423\" title=\"Rigging Praxis\" data-envira-caption=\"Rigging Praxis\" data-envira-retina=\"\" data-thumbnail=\"\"  itemprop=\"contentUrl\"><img decoding=\"async\" id=\"envira-gallery-image-271\" class=\"envira-gallery-image envira-gallery-image-2 envira-normal \" data-envira-index=\"2\" src=\"https:\/\/baumkletterschule.de\/cms\/wp-content\/uploads\/2016\/11\/2012_04_19_b-kurs_friedensengel211-1024x768-640x480.jpg\" data-envira-src=\"https:\/\/baumkletterschule.de\/cms\/wp-content\/uploads\/2016\/11\/2012_04_19_b-kurs_friedensengel211-1024x768-640x480.jpg\" data-envira-gallery-id=\"423\" data-envira-item-id=\"271\" data-envira-caption=\"Rigging Praxis\" alt=\"Rigging Praxis\" title=\"Rigging Praxis\"  itemprop=\"thumbnailUrl\" data-envira-srcset=\"https:\/\/baumkletterschule.de\/cms\/wp-content\/uploads\/2016\/11\/2012_04_19_b-kurs_friedensengel211-1024x768-640x480.jpg 400w,https:\/\/baumkletterschule.de\/cms\/wp-content\/uploads\/2016\/11\/2012_04_19_b-kurs_friedensengel211-1024x768-640x480.jpg 2x\" data-envira-width=\"300\" data-envira-height=\"225\" srcset=\"https:\/\/baumkletterschule.de\/cms\/wp-content\/uploads\/2016\/11\/2012_04_19_b-kurs_friedensengel211-1280x960.jpg 2x\" data-safe-src=\"https:\/\/baumkletterschule.de\/cms\/wp-content\/uploads\/2016\/11\/2012_04_19_b-kurs_friedensengel211-1024x768-640x480.jpg\" \/><\/a><\/div><\/div><div id=\"envira-gallery-item-260\" class=\"envira-gallery-item enviratope-item envira-gallery-item-3\" style=\"padding-left: 5px; padding-bottom: 10px; padding-right: 5px;\"  itemscope itemtype=\"https:\/\/schema.org\/ImageObject\"><div class=\"envira-gallery-item-inner\"><div class=\"envira-gallery-position-overlay  envira-gallery-top-left\"><\/div><div class=\"envira-gallery-position-overlay  envira-gallery-top-right\"><\/div><div class=\"envira-gallery-position-overlay  envira-gallery-bottom-left\"><\/div><div class=\"envira-gallery-position-overlay  envira-gallery-bottom-right\"><\/div><a href=\"https:\/\/baumkletterschule.de\/cms\/wp-content\/uploads\/2016\/11\/2011_5_26_Dresden_SKTB-16.jpg\" class=\"envira-gallery-423 envira-gallery-link\" rel=\"enviragallery423\" title=\"Rigging Praxis\" data-envira-caption=\"Rigging Praxis\" data-envira-retina=\"\" data-thumbnail=\"\"  itemprop=\"contentUrl\"><img decoding=\"async\" id=\"envira-gallery-image-260\" class=\"envira-gallery-image envira-gallery-image-3 envira-normal \" data-envira-index=\"3\" src=\"https:\/\/baumkletterschule.de\/cms\/wp-content\/uploads\/2016\/11\/2011_5_26_Dresden_SKTB-16-768x1024-640x480.jpg\" data-envira-src=\"https:\/\/baumkletterschule.de\/cms\/wp-content\/uploads\/2016\/11\/2011_5_26_Dresden_SKTB-16-768x1024-640x480.jpg\" data-envira-gallery-id=\"423\" data-envira-item-id=\"260\" data-envira-caption=\"Rigging Praxis\" alt=\"Rigging Praxis\" title=\"Rigging Praxis\"  itemprop=\"thumbnailUrl\" data-envira-srcset=\"https:\/\/baumkletterschule.de\/cms\/wp-content\/uploads\/2016\/11\/2011_5_26_Dresden_SKTB-16-768x1024-640x480.jpg 400w,https:\/\/baumkletterschule.de\/cms\/wp-content\/uploads\/2016\/11\/2011_5_26_Dresden_SKTB-16-768x1024-640x480.jpg 2x\" data-envira-width=\"225\" data-envira-height=\"300\" srcset=\"https:\/\/baumkletterschule.de\/cms\/wp-content\/uploads\/2016\/11\/2011_5_26_Dresden_SKTB-16-1280x960.jpg 2x\" data-safe-src=\"https:\/\/baumkletterschule.de\/cms\/wp-content\/uploads\/2016\/11\/2011_5_26_Dresden_SKTB-16-768x1024-640x480.jpg\" \/><\/a><\/div><\/div><div id=\"envira-gallery-item-145\" class=\"envira-gallery-item enviratope-item envira-gallery-item-4\" style=\"padding-left: 5px; padding-bottom: 10px; padding-right: 5px;\"  itemscope itemtype=\"https:\/\/schema.org\/ImageObject\"><div class=\"envira-gallery-item-inner\"><div class=\"envira-gallery-position-overlay  envira-gallery-top-left\"><\/div><div class=\"envira-gallery-position-overlay  envira-gallery-top-right\"><\/div><div class=\"envira-gallery-position-overlay  envira-gallery-bottom-left\"><\/div><div class=\"envira-gallery-position-overlay  envira-gallery-bottom-right\"><\/div><a href=\"https:\/\/baumkletterschule.de\/cms\/wp-content\/uploads\/2016\/11\/FotoMBKS_SKT-10.jpg\" class=\"envira-gallery-423 envira-gallery-link\" rel=\"enviragallery423\" title=\"Rigging Praxis\" data-envira-caption=\"Rigging Praxis\" data-envira-retina=\"\" data-thumbnail=\"\"  itemprop=\"contentUrl\"><img decoding=\"async\" id=\"envira-gallery-image-145\" class=\"envira-gallery-image envira-gallery-image-4 envira-normal \" data-envira-index=\"4\" src=\"https:\/\/baumkletterschule.de\/cms\/wp-content\/uploads\/2016\/11\/FotoMBKS_SKT-10-1024x768-640x480.jpg\" data-envira-src=\"https:\/\/baumkletterschule.de\/cms\/wp-content\/uploads\/2016\/11\/FotoMBKS_SKT-10-1024x768-640x480.jpg\" data-envira-gallery-id=\"423\" data-envira-item-id=\"145\" data-envira-caption=\"Rigging Praxis\" alt=\"Rigging Praxis\" title=\"Rigging Praxis\"  itemprop=\"thumbnailUrl\" data-envira-srcset=\"https:\/\/baumkletterschule.de\/cms\/wp-content\/uploads\/2016\/11\/FotoMBKS_SKT-10-1024x768-640x480.jpg 400w,https:\/\/baumkletterschule.de\/cms\/wp-content\/uploads\/2016\/11\/FotoMBKS_SKT-10-1024x768-640x480.jpg 2x\" data-envira-width=\"300\" data-envira-height=\"225\" srcset=\"https:\/\/baumkletterschule.de\/cms\/wp-content\/uploads\/2016\/11\/FotoMBKS_SKT-10-1280x960.jpg 2x\" data-safe-src=\"https:\/\/baumkletterschule.de\/cms\/wp-content\/uploads\/2016\/11\/FotoMBKS_SKT-10-1024x768-640x480.jpg\" \/><\/a><\/div><\/div><div id=\"envira-gallery-item-270\" class=\"envira-gallery-item enviratope-item envira-gallery-item-5\" style=\"padding-left: 5px; padding-bottom: 10px; padding-right: 5px;\"  itemscope itemtype=\"https:\/\/schema.org\/ImageObject\"><div class=\"envira-gallery-item-inner\"><div class=\"envira-gallery-position-overlay  envira-gallery-top-left\"><\/div><div class=\"envira-gallery-position-overlay  envira-gallery-top-right\"><\/div><div class=\"envira-gallery-position-overlay  envira-gallery-bottom-left\"><\/div><div class=\"envira-gallery-position-overlay  envira-gallery-bottom-right\"><\/div><a href=\"https:\/\/baumkletterschule.de\/cms\/wp-content\/uploads\/2016\/11\/2012_04_19_b-kurs_friedensengel104.jpg\" class=\"envira-gallery-423 envira-gallery-link\" rel=\"enviragallery423\" title=\"Rigging Praxis\" data-envira-caption=\"Rigging Praxis\" data-envira-retina=\"\" data-thumbnail=\"\"  itemprop=\"contentUrl\"><img decoding=\"async\" id=\"envira-gallery-image-270\" class=\"envira-gallery-image envira-gallery-image-5 envira-normal \" data-envira-index=\"5\" src=\"https:\/\/baumkletterschule.de\/cms\/wp-content\/uploads\/2016\/11\/2012_04_19_b-kurs_friedensengel104-1024x768-640x480.jpg\" data-envira-src=\"https:\/\/baumkletterschule.de\/cms\/wp-content\/uploads\/2016\/11\/2012_04_19_b-kurs_friedensengel104-1024x768-640x480.jpg\" data-envira-gallery-id=\"423\" data-envira-item-id=\"270\" data-envira-caption=\"Rigging Praxis\" alt=\"Rigging Praxis\" title=\"Rigging Praxis\"  itemprop=\"thumbnailUrl\" data-envira-srcset=\"https:\/\/baumkletterschule.de\/cms\/wp-content\/uploads\/2016\/11\/2012_04_19_b-kurs_friedensengel104-1024x768-640x480.jpg 400w,https:\/\/baumkletterschule.de\/cms\/wp-content\/uploads\/2016\/11\/2012_04_19_b-kurs_friedensengel104-1024x768-640x480.jpg 2x\" data-envira-width=\"300\" data-envira-height=\"225\" srcset=\"https:\/\/baumkletterschule.de\/cms\/wp-content\/uploads\/2016\/11\/2012_04_19_b-kurs_friedensengel104-1280x960.jpg 2x\" data-safe-src=\"https:\/\/baumkletterschule.de\/cms\/wp-content\/uploads\/2016\/11\/2012_04_19_b-kurs_friedensengel104-1024x768-640x480.jpg\" \/><\/a><\/div><\/div><\/div><\/div><noscript><img decoding=\"async\" src=\"https:\/\/baumkletterschule.de\/cms\/wp-content\/uploads\/2016\/11\/SKT-B_3.jpg\" alt=\"Rigging Praxis\" \/><img decoding=\"async\" src=\"https:\/\/baumkletterschule.de\/cms\/wp-content\/uploads\/2016\/11\/2012_04_19_b-kurs_friedensengel211.jpg\" alt=\"Rigging Praxis\" \/><img decoding=\"async\" src=\"https:\/\/baumkletterschule.de\/cms\/wp-content\/uploads\/2016\/11\/2011_5_26_Dresden_SKTB-16.jpg\" alt=\"Rigging Praxis\" \/><img decoding=\"async\" src=\"https:\/\/baumkletterschule.de\/cms\/wp-content\/uploads\/2016\/11\/FotoMBKS_SKT-10.jpg\" alt=\"Rigging Praxis\" \/><img decoding=\"async\" src=\"https:\/\/baumkletterschule.de\/cms\/wp-content\/uploads\/2016\/11\/2012_04_19_b-kurs_friedensengel104.jpg\" alt=\"Rigging Praxis\" \/><\/noscript>\n","protected":false},"excerpt":{"rendered":"<p>Die vermittelten Schnitt- und Riggingtechniken des SKT B-Kurses gen\u00fcgen, um nach einiger \u00dcbung die Herausforderungen des normalen Baumpflege-Alltages zu meistern. Doch irgendwann sind die Grenzen des soliden Grund\u00adwissens erreicht. W\u00e4hrend &#8230;<\/p>\n","protected":false},"author":6,"featured_media":0,"parent":13,"menu_order":0,"comment_status":"closed","ping_status":"closed","template":"template-full-width.php","meta":{"footnotes":""},"categories":[],"tags":[],"class_list":["post-411","page","type-page","status-publish","hentry"],"aioseo_notices":[],"_links":{"self":[{"href":"https:\/\/baumkletterschule.de\/cms\/wp-json\/wp\/v2\/pages\/411","targetHints":{"allow":["GET"]}}],"collection":[{"href":"https:\/\/baumkletterschule.de\/cms\/wp-json\/wp\/v2\/pages"}],"about":[{"href":"https:\/\/baumkletterschule.de\/cms\/wp-json\/wp\/v2\/types\/page"}],"author":[{"embeddable":true,"href":"https:\/\/baumkletterschule.de\/cms\/wp-json\/wp\/v2\/users\/6"}],"replies":[{"embeddable":true,"href":"https:\/\/baumkletterschule.de\/cms\/wp-json\/wp\/v2\/comments?post=411"}],"version-history":[{"count":57,"href":"https:\/\/baumkletterschule.de\/cms\/wp-json\/wp\/v2\/pages\/411\/revisions"}],"predecessor-version":[{"id":10489,"href":"https:\/\/baumkletterschule.de\/cms\/wp-json\/wp\/v2\/pages\/411\/revisions\/10489"}],"up":[{"embeddable":true,"href":"https:\/\/baumkletterschule.de\/cms\/wp-json\/wp\/v2\/pages\/13"}],"wp:attachment":[{"href":"https:\/\/baumkletterschule.de\/cms\/wp-json\/wp\/v2\/media?parent=411"}],"wp:term":[{"taxonomy":"category","embeddable":true,"href":"https:\/\/baumkletterschule.de\/cms\/wp-json\/wp\/v2\/categories?post=411"},{"taxonomy":"post_tag","embeddable":true,"href":"https:\/\/baumkletterschule.de\/cms\/wp-json\/wp\/v2\/tags?post=411"}],"curies":[{"name":"wp","href":"https:\/\/api.w.org\/{rel}","templated":true}]}}