{"id":403,"date":"2016-11-23T13:43:50","date_gmt":"2016-11-23T11:43:50","guid":{"rendered":"https:\/\/baumkletterschule.de\/cms\/?page_id=403"},"modified":"2026-02-20T16:12:55","modified_gmt":"2026-02-20T15:12:55","slug":"rigging-model","status":"publish","type":"page","link":"https:\/\/baumkletterschule.de\/cms\/kursinfo\/kletterkurse\/rigging-model\/","title":{"rendered":"Rigging am Modell"},"content":{"rendered":"<p lang=\"de-DE\">Rigging, das ist die Kunst, B\u00e4ume mittels Seiltechniken so zu f\u00e4llen, dass die Beteiligten nicht in Gefahr geraten, die Materialien geschont werden und die Umgebung keinen Schaden nimmt. Es gilt, den Baum zu f\u00e4llen, ohne dass der Gartenzwerg unter dem Baum erschlagen und kein Grashalm des Zierrasens geknickt wird. Das beeindruckt nicht nur den Kunden, sondern zeichnet auch den wahren Fachmann aus.<br \/>\nB\u00e4ume, die \u00fcber D\u00e4cher ragen und auf kleinstem Raum gef\u00e4llt werden m\u00fcssen, sind keine Seltenheit. Mit entsprechendem Ger\u00e4t und Know-How ist (fast) alles machbar. Die theoretischen Grundlagen werden an einem 2 m hohen Modell gezeigt. Daran k\u00f6nnen fast alle Rigging-Situationen wie z.Bsp. Fichtenreihe, gro\u00dfkronige Buche, S\u00e4ulenpappel, etc. simuliert werden. Innerhalb k\u00fcrzester Zeit werden so verschiedenste Techniken vermittelt.<br \/>\nDieser Kurs richtet sich sowohl an Kletterer, die sich neue Anregungen holen wollen, als auch an Bodenleute, die wissen wollen, was oben im Baum vor sich geht.<\/p>\n<p>Der Kurs baut auf Riggingthemen des SKT B Kurses auf.<\/p>\n<p lang=\"de-DE\"><strong>Kursinhalt<\/strong><\/p>\n<ul>\n<li lang=\"de-DE\">wichtige Regeln f\u00fcr das Rigging<\/li>\n<li lang=\"de-DE\">Vorstellung von Ausr\u00fcstung und Ger\u00e4ten<\/li>\n<li lang=\"de-DE\">Demonstaration weiterf\u00fchrender Schnitttechniken mit der Motors\u00e4ge<\/li>\n<li lang=\"de-DE\">Aufbau von Rigging-Situationen am Modell<\/li>\n<\/ul>\n<p style=\"text-align: center;\"><a class=\"Termine_und_Buchung\" href=\"https:\/\/buchung.baumkletterschule.de\/?rq_AppGuid=5E5C0C601B319D20997007E3327904420CC3B98C&amp;rq_TargetPageGuid=571D5772177FC7D5D3DE78309A57E877C24AE10C&amp;rq_kurstyp=3234&amp;rq_Layout=MBKS_Website\">Termine und Buchung<\/a> \u00a0\u00a0\u00a0\u00a0\u00a0\u00a0\u00a0\u00a0\u00a0\u00a0\u00a0\u00a0\u00a0 <a class=\"Termine_und_Buchung\" href=\"mailto:info@baumkletterschule.de\">als Interessent registrieren<\/a><\/p>\n<div class=\"links\">\n<p>&nbsp;<\/p>\n<p><strong>TIPP:<\/strong> Der Kurs ist so geplant, dass sie gleich im Anschluss den Kurs <a href=\"https:\/\/baumkletterschule.de\/cms\/kursinfo\/kletterkurse\/rigging-praxis\/\">Rigging Praxis<\/a> absolvieren k\u00f6nnen.<\/p>\n<p>Ausr\u00fcstung f\u00fcr Rigging finden Sie bei unserem Ausr\u00fcstungspartner: <a href=\"https:\/\/shop.freeworker.de\/baumpflege\/rigging.html\"><img loading=\"lazy\" decoding=\"async\" class=\"alignnone wp-image-8085\" src=\"https:\/\/baumkletterschule.de\/cms\/wp-content\/uploads\/2023\/08\/230823-Logo-Freeworker_224x224px-002.jpg\" alt=\"\" width=\"131\" height=\"76\" \/><\/a><\/p>\n<\/div>\n<div><\/div>\n<h2>Weitere Informationen<\/h2>\n<ul class=\"zweispaltig\">\n<li><a href=\"https:\/\/baumkletterschule.de\/cms\/wp-content\/uploads\/2025\/12\/PSA-Allg.-Informationen_Web.pdf\">Allgemeine Informationen<\/a><\/li>\n<li><a href=\"https:\/\/baumkletterschule.de\/cms\/wp-content\/uploads\/2025\/12\/RIG_M-Kursprogramm.pdf\">Kursprogramm<\/a><\/li>\n<li><a href=\"https:\/\/baumkletterschule.de\/cms\/wp-content\/uploads\/2019\/11\/Dokument-C_5Kursr\u00fccktrittsversicherung.pdf\">Kursr\u00fccktrittsversicherung<\/a><\/li>\n<li style=\"display: none;\"><a href=\"https:\/\/baumkletterschule.de\/cms\/wp-content\/uploads\/2019\/11\/RIG-M.pdf\">Fax-Buchungsformular<\/a><\/li>\n<\/ul>\n<div id=\"envira-gallery-wrap-409\" class=\"envira-gallery-wrap envira-gallery-theme-base envira-lightbox-theme-base\" itemscope itemtype=\"https:\/\/schema.org\/ImageGallery\"><div data-row-height=\"150\" data-gallery-theme=\"normal\" id=\"envira-gallery-409\" class=\"envira-gallery-public envira-gallery-justified-public envira-gallery-0-columns envira-clear enviratope envira-gallery-css-animations\" data-envira-columns=\"0\"><div id=\"envira-gallery-item-282\" class=\"envira-gallery-item enviratope-item envira-gallery-item-1\" style=\"padding-left: 5px; padding-bottom: 10px; padding-right: 5px;\"  itemscope itemtype=\"https:\/\/schema.org\/ImageObject\"><div class=\"envira-gallery-item-inner\"><div class=\"envira-gallery-position-overlay  envira-gallery-top-left\"><\/div><div class=\"envira-gallery-position-overlay  envira-gallery-top-right\"><\/div><div class=\"envira-gallery-position-overlay  envira-gallery-bottom-left\"><\/div><div class=\"envira-gallery-position-overlay  envira-gallery-bottom-right\"><\/div><a href=\"https:\/\/baumkletterschule.de\/cms\/wp-content\/uploads\/2016\/11\/2014_12_03_kurse-Gilching128.jpg\" class=\"envira-gallery-409 envira-gallery-link\" rel=\"enviragallery409\" title=\"Rigging am Modell\" data-envira-caption=\"Rigging am Modell\" data-envira-retina=\"\" data-thumbnail=\"\"  itemprop=\"contentUrl\"><img decoding=\"async\" id=\"envira-gallery-image-282\" class=\"envira-gallery-image envira-gallery-image-1 envira-normal \" data-envira-index=\"1\" src=\"https:\/\/baumkletterschule.de\/cms\/wp-content\/uploads\/2016\/11\/2014_12_03_kurse-Gilching128-1024x768-640x480.jpg\" data-envira-src=\"https:\/\/baumkletterschule.de\/cms\/wp-content\/uploads\/2016\/11\/2014_12_03_kurse-Gilching128-1024x768-640x480.jpg\" data-envira-gallery-id=\"409\" data-envira-item-id=\"282\" data-envira-caption=\"Rigging am Modell\" alt=\"Rigging am Modell\" title=\"Rigging am Modell\"  itemprop=\"thumbnailUrl\" data-envira-srcset=\"https:\/\/baumkletterschule.de\/cms\/wp-content\/uploads\/2016\/11\/2014_12_03_kurse-Gilching128-1024x768-640x480.jpg 400w,https:\/\/baumkletterschule.de\/cms\/wp-content\/uploads\/2016\/11\/2014_12_03_kurse-Gilching128-1024x768-640x480.jpg 2x\" data-envira-width=\"300\" data-envira-height=\"225\" srcset=\"https:\/\/baumkletterschule.de\/cms\/wp-content\/uploads\/2016\/11\/2014_12_03_kurse-Gilching128-1280x960.jpg 2x\" data-safe-src=\"https:\/\/baumkletterschule.de\/cms\/wp-content\/uploads\/2016\/11\/2014_12_03_kurse-Gilching128-1024x768-640x480.jpg\" \/><\/a><\/div><\/div><div id=\"envira-gallery-item-281\" class=\"envira-gallery-item enviratope-item envira-gallery-item-2\" style=\"padding-left: 5px; padding-bottom: 10px; padding-right: 5px;\"  itemscope itemtype=\"https:\/\/schema.org\/ImageObject\"><div class=\"envira-gallery-item-inner\"><div class=\"envira-gallery-position-overlay  envira-gallery-top-left\"><\/div><div class=\"envira-gallery-position-overlay  envira-gallery-top-right\"><\/div><div class=\"envira-gallery-position-overlay  envira-gallery-bottom-left\"><\/div><div class=\"envira-gallery-position-overlay  envira-gallery-bottom-right\"><\/div><a href=\"https:\/\/baumkletterschule.de\/cms\/wp-content\/uploads\/2016\/11\/2014_12_03_kurse-Gilching116.jpg\" class=\"envira-gallery-409 envira-gallery-link\" rel=\"enviragallery409\" title=\"Rigging am Modell\" data-envira-caption=\"Rigging am Modell\" data-envira-retina=\"\" data-thumbnail=\"\"  itemprop=\"contentUrl\"><img decoding=\"async\" id=\"envira-gallery-image-281\" class=\"envira-gallery-image envira-gallery-image-2 envira-normal \" data-envira-index=\"2\" src=\"https:\/\/baumkletterschule.de\/cms\/wp-content\/uploads\/2016\/11\/2014_12_03_kurse-Gilching116-1024x768-640x480.jpg\" data-envira-src=\"https:\/\/baumkletterschule.de\/cms\/wp-content\/uploads\/2016\/11\/2014_12_03_kurse-Gilching116-1024x768-640x480.jpg\" data-envira-gallery-id=\"409\" data-envira-item-id=\"281\" data-envira-caption=\"Rigging am Modell\" alt=\"Rigging am Modell\" title=\"Rigging am Modell\"  itemprop=\"thumbnailUrl\" data-envira-srcset=\"https:\/\/baumkletterschule.de\/cms\/wp-content\/uploads\/2016\/11\/2014_12_03_kurse-Gilching116-1024x768-640x480.jpg 400w,https:\/\/baumkletterschule.de\/cms\/wp-content\/uploads\/2016\/11\/2014_12_03_kurse-Gilching116-1024x768-640x480.jpg 2x\" data-envira-width=\"300\" data-envira-height=\"225\" srcset=\"https:\/\/baumkletterschule.de\/cms\/wp-content\/uploads\/2016\/11\/2014_12_03_kurse-Gilching116-1280x960.jpg 2x\" data-safe-src=\"https:\/\/baumkletterschule.de\/cms\/wp-content\/uploads\/2016\/11\/2014_12_03_kurse-Gilching116-1024x768-640x480.jpg\" \/><\/a><\/div><\/div><div id=\"envira-gallery-item-280\" class=\"envira-gallery-item enviratope-item envira-gallery-item-3\" style=\"padding-left: 5px; padding-bottom: 10px; padding-right: 5px;\"  itemscope itemtype=\"https:\/\/schema.org\/ImageObject\"><div class=\"envira-gallery-item-inner\"><div class=\"envira-gallery-position-overlay  envira-gallery-top-left\"><\/div><div class=\"envira-gallery-position-overlay  envira-gallery-top-right\"><\/div><div class=\"envira-gallery-position-overlay  envira-gallery-bottom-left\"><\/div><div class=\"envira-gallery-position-overlay  envira-gallery-bottom-right\"><\/div><a href=\"https:\/\/baumkletterschule.de\/cms\/wp-content\/uploads\/2016\/11\/2014_12_03_kurse-Gilching103.jpg\" class=\"envira-gallery-409 envira-gallery-link\" rel=\"enviragallery409\" title=\"Rigging am Modell\" data-envira-caption=\"Rigging am Modell\" data-envira-retina=\"\" data-thumbnail=\"\"  itemprop=\"contentUrl\"><img decoding=\"async\" id=\"envira-gallery-image-280\" class=\"envira-gallery-image envira-gallery-image-3 envira-normal \" data-envira-index=\"3\" src=\"https:\/\/baumkletterschule.de\/cms\/wp-content\/uploads\/2016\/11\/2014_12_03_kurse-Gilching103-768x1024-640x480.jpg\" data-envira-src=\"https:\/\/baumkletterschule.de\/cms\/wp-content\/uploads\/2016\/11\/2014_12_03_kurse-Gilching103-768x1024-640x480.jpg\" data-envira-gallery-id=\"409\" data-envira-item-id=\"280\" data-envira-caption=\"Rigging am Modell\" alt=\"Rigging am Modell\" title=\"Rigging am Modell\"  itemprop=\"thumbnailUrl\" data-envira-srcset=\"https:\/\/baumkletterschule.de\/cms\/wp-content\/uploads\/2016\/11\/2014_12_03_kurse-Gilching103-768x1024-640x480.jpg 400w,https:\/\/baumkletterschule.de\/cms\/wp-content\/uploads\/2016\/11\/2014_12_03_kurse-Gilching103-768x1024-640x480.jpg 2x\" data-envira-width=\"225\" data-envira-height=\"300\" srcset=\"https:\/\/baumkletterschule.de\/cms\/wp-content\/uploads\/2016\/11\/2014_12_03_kurse-Gilching103-1280x960.jpg 2x\" data-safe-src=\"https:\/\/baumkletterschule.de\/cms\/wp-content\/uploads\/2016\/11\/2014_12_03_kurse-Gilching103-768x1024-640x480.jpg\" \/><\/a><\/div><\/div><div id=\"envira-gallery-item-278\" class=\"envira-gallery-item enviratope-item envira-gallery-item-4\" style=\"padding-left: 5px; padding-bottom: 10px; padding-right: 5px;\"  itemscope itemtype=\"https:\/\/schema.org\/ImageObject\"><div class=\"envira-gallery-item-inner\"><div class=\"envira-gallery-position-overlay  envira-gallery-top-left\"><\/div><div class=\"envira-gallery-position-overlay  envira-gallery-top-right\"><\/div><div class=\"envira-gallery-position-overlay  envira-gallery-bottom-left\"><\/div><div class=\"envira-gallery-position-overlay  envira-gallery-bottom-right\"><\/div><a href=\"https:\/\/baumkletterschule.de\/cms\/wp-content\/uploads\/2016\/11\/2013_12_05_rigging-am-modell40.jpg\" class=\"envira-gallery-409 envira-gallery-link\" rel=\"enviragallery409\" title=\"Rigging am Modell\" data-envira-caption=\"Rigging am Modell\" data-envira-retina=\"\" data-thumbnail=\"\"  itemprop=\"contentUrl\"><img decoding=\"async\" id=\"envira-gallery-image-278\" class=\"envira-gallery-image envira-gallery-image-4 envira-normal \" data-envira-index=\"4\" src=\"https:\/\/baumkletterschule.de\/cms\/wp-content\/uploads\/2016\/11\/2013_12_05_rigging-am-modell40-768x1024-640x480.jpg\" data-envira-src=\"https:\/\/baumkletterschule.de\/cms\/wp-content\/uploads\/2016\/11\/2013_12_05_rigging-am-modell40-768x1024-640x480.jpg\" data-envira-gallery-id=\"409\" data-envira-item-id=\"278\" data-envira-caption=\"Rigging am Modell\" alt=\"Rigging am Modell\" title=\"Rigging am Modell\"  itemprop=\"thumbnailUrl\" data-envira-srcset=\"https:\/\/baumkletterschule.de\/cms\/wp-content\/uploads\/2016\/11\/2013_12_05_rigging-am-modell40-768x1024-640x480.jpg 400w,https:\/\/baumkletterschule.de\/cms\/wp-content\/uploads\/2016\/11\/2013_12_05_rigging-am-modell40-768x1024-640x480.jpg 2x\" data-envira-width=\"225\" data-envira-height=\"300\" srcset=\"https:\/\/baumkletterschule.de\/cms\/wp-content\/uploads\/2016\/11\/2013_12_05_rigging-am-modell40-1280x960.jpg 2x\" data-safe-src=\"https:\/\/baumkletterschule.de\/cms\/wp-content\/uploads\/2016\/11\/2013_12_05_rigging-am-modell40-768x1024-640x480.jpg\" \/><\/a><\/div><\/div><div id=\"envira-gallery-item-279\" class=\"envira-gallery-item enviratope-item envira-gallery-item-5\" style=\"padding-left: 5px; padding-bottom: 10px; padding-right: 5px;\"  itemscope itemtype=\"https:\/\/schema.org\/ImageObject\"><div class=\"envira-gallery-item-inner\"><div class=\"envira-gallery-position-overlay  envira-gallery-top-left\"><\/div><div class=\"envira-gallery-position-overlay  envira-gallery-top-right\"><\/div><div class=\"envira-gallery-position-overlay  envira-gallery-bottom-left\"><\/div><div class=\"envira-gallery-position-overlay  envira-gallery-bottom-right\"><\/div><a href=\"https:\/\/baumkletterschule.de\/cms\/wp-content\/uploads\/2016\/11\/2013_12_05_rigging-am-modell50.jpg\" class=\"envira-gallery-409 envira-gallery-link\" rel=\"enviragallery409\" title=\"Rigging am Modell\" data-envira-caption=\"Rigging am Modell\" data-envira-retina=\"\" data-thumbnail=\"\"  itemprop=\"contentUrl\"><img decoding=\"async\" id=\"envira-gallery-image-279\" class=\"envira-gallery-image envira-gallery-image-5 envira-normal \" data-envira-index=\"5\" src=\"https:\/\/baumkletterschule.de\/cms\/wp-content\/uploads\/2016\/11\/2013_12_05_rigging-am-modell50-1024x768-640x480.jpg\" data-envira-src=\"https:\/\/baumkletterschule.de\/cms\/wp-content\/uploads\/2016\/11\/2013_12_05_rigging-am-modell50-1024x768-640x480.jpg\" data-envira-gallery-id=\"409\" data-envira-item-id=\"279\" data-envira-caption=\"Rigging am Modell\" alt=\"Rigging am Modell\" title=\"Rigging am Modell\"  itemprop=\"thumbnailUrl\" data-envira-srcset=\"https:\/\/baumkletterschule.de\/cms\/wp-content\/uploads\/2016\/11\/2013_12_05_rigging-am-modell50-1024x768-640x480.jpg 400w,https:\/\/baumkletterschule.de\/cms\/wp-content\/uploads\/2016\/11\/2013_12_05_rigging-am-modell50-1024x768-640x480.jpg 2x\" data-envira-width=\"300\" data-envira-height=\"225\" srcset=\"https:\/\/baumkletterschule.de\/cms\/wp-content\/uploads\/2016\/11\/2013_12_05_rigging-am-modell50-1280x960.jpg 2x\" data-safe-src=\"https:\/\/baumkletterschule.de\/cms\/wp-content\/uploads\/2016\/11\/2013_12_05_rigging-am-modell50-1024x768-640x480.jpg\" \/><\/a><\/div><\/div><\/div><\/div><noscript><img decoding=\"async\" src=\"https:\/\/baumkletterschule.de\/cms\/wp-content\/uploads\/2016\/11\/2014_12_03_kurse-Gilching128.jpg\" alt=\"Rigging am Modell\" \/><img decoding=\"async\" src=\"https:\/\/baumkletterschule.de\/cms\/wp-content\/uploads\/2016\/11\/2014_12_03_kurse-Gilching116.jpg\" alt=\"Rigging am Modell\" \/><img decoding=\"async\" src=\"https:\/\/baumkletterschule.de\/cms\/wp-content\/uploads\/2016\/11\/2014_12_03_kurse-Gilching103.jpg\" alt=\"Rigging am Modell\" \/><img decoding=\"async\" src=\"https:\/\/baumkletterschule.de\/cms\/wp-content\/uploads\/2016\/11\/2013_12_05_rigging-am-modell40.jpg\" alt=\"Rigging am Modell\" \/><img decoding=\"async\" src=\"https:\/\/baumkletterschule.de\/cms\/wp-content\/uploads\/2016\/11\/2013_12_05_rigging-am-modell50.jpg\" alt=\"Rigging am Modell\" \/><\/noscript>\n","protected":false},"excerpt":{"rendered":"<p>Rigging, das ist die Kunst, B\u00e4ume mittels Seiltechniken so zu f\u00e4llen, dass die Beteiligten nicht in Gefahr geraten, die Materialien geschont werden und die Umgebung keinen Schaden nimmt. Es gilt, &#8230;<\/p>\n","protected":false},"author":6,"featured_media":0,"parent":13,"menu_order":0,"comment_status":"closed","ping_status":"closed","template":"template-full-width.php","meta":{"footnotes":""},"categories":[],"tags":[],"class_list":["post-403","page","type-page","status-publish","hentry"],"aioseo_notices":[],"_links":{"self":[{"href":"https:\/\/baumkletterschule.de\/cms\/wp-json\/wp\/v2\/pages\/403","targetHints":{"allow":["GET"]}}],"collection":[{"href":"https:\/\/baumkletterschule.de\/cms\/wp-json\/wp\/v2\/pages"}],"about":[{"href":"https:\/\/baumkletterschule.de\/cms\/wp-json\/wp\/v2\/types\/page"}],"author":[{"embeddable":true,"href":"https:\/\/baumkletterschule.de\/cms\/wp-json\/wp\/v2\/users\/6"}],"replies":[{"embeddable":true,"href":"https:\/\/baumkletterschule.de\/cms\/wp-json\/wp\/v2\/comments?post=403"}],"version-history":[{"count":42,"href":"https:\/\/baumkletterschule.de\/cms\/wp-json\/wp\/v2\/pages\/403\/revisions"}],"predecessor-version":[{"id":10410,"href":"https:\/\/baumkletterschule.de\/cms\/wp-json\/wp\/v2\/pages\/403\/revisions\/10410"}],"up":[{"embeddable":true,"href":"https:\/\/baumkletterschule.de\/cms\/wp-json\/wp\/v2\/pages\/13"}],"wp:attachment":[{"href":"https:\/\/baumkletterschule.de\/cms\/wp-json\/wp\/v2\/media?parent=403"}],"wp:term":[{"taxonomy":"category","embeddable":true,"href":"https:\/\/baumkletterschule.de\/cms\/wp-json\/wp\/v2\/categories?post=403"},{"taxonomy":"post_tag","embeddable":true,"href":"https:\/\/baumkletterschule.de\/cms\/wp-json\/wp\/v2\/tags?post=403"}],"curies":[{"name":"wp","href":"https:\/\/api.w.org\/{rel}","templated":true}]}}